{"id":36259,"date":"2026-01-27T17:08:35","date_gmt":"2026-01-27T17:08:35","guid":{"rendered":"https:\/\/www.deporteseli.com\/?product=ellesse-levan-sombrero-de-pescador-unisex"},"modified":"2026-01-27T17:08:37","modified_gmt":"2026-01-27T17:08:37","slug":"ellesse-levan-sombrero-de-pescador-unisex","status":"publish","type":"product","link":"https:\/\/www.deporteseli.com\/?product=ellesse-levan-sombrero-de-pescador-unisex","title":{"rendered":"ELLESSE LEVAN SOMBRERO DE PESCADOR UNISEX"},"content":{"rendered":"<p>Estilo de sombrero de cubo  Confeccionado en sarga de algod\u00f3n, c\u00f3modo de llevar.  Insignia de ellesse bordada en la parte delantera  Visera de 360 ??grados de colores contrastantes con rayas de colores contrastantes  Ojales laterales para ventilaci\u00f3n.  Sombrero ELLESSE  El sombrero de pescador ELLESSE Levan est\u00e1 confeccionado con un tejido suave, transpirable y ligero que te mantiene fresco y c\u00f3modo durante todo el d\u00eda. Visera de 360 ??grados de colores contrastantes con rayas de colores contrastantes. Este sombrero de pescador ELLESSE Levan es imprescindible y te permite combinarlo con tus atuendos favoritos.                                                                                                                                                                                                                                                                                                                                                                                                                                                                                                                                                                                                                                                                                                                                                                                                                                                                                                                                                                                                                                        <\/p>\n","protected":false},"excerpt":{"rendered":"<p>ELLESSE LEVAN SOMBRERO DE PESCADOR UNISEX<\/p>\n","protected":false},"featured_media":50921,"template":"","meta":[],"product_brand":[],"product_cat":[399],"product_tag":[52],"class_list":{"0":"post-36259","1":"product","2":"type-product","3":"status-publish","4":"has-post-thumbnail","6":"product_cat-accesorios_gorras","7":"product_tag-ellesse","8":"pa_color-unico","9":"pa_talla-unica","10":"thunk-woo-product-list","11":"opn-qv-enable","12":"open-woo-hover-","13":"open-single-product-tab-horizontal","14":"open-shadow-","15":"open-shadow-hover-","17":"first","18":"instock","19":"shipping-taxable","20":"purchasable","21":"product-type-variable"},"jetpack_sharing_enabled":true,"_links":{"self":[{"href":"https:\/\/www.deporteseli.com\/index.php?rest_route=\/wp\/v2\/product\/36259","targetHints":{"allow":["GET"]}}],"collection":[{"href":"https:\/\/www.deporteseli.com\/index.php?rest_route=\/wp\/v2\/product"}],"about":[{"href":"https:\/\/www.deporteseli.com\/index.php?rest_route=\/wp\/v2\/types\/product"}],"wp:featuredmedia":[{"embeddable":true,"href":"https:\/\/www.deporteseli.com\/index.php?rest_route=\/wp\/v2\/media\/50921"}],"wp:attachment":[{"href":"https:\/\/www.deporteseli.com\/index.php?rest_route=%2Fwp%2Fv2%2Fmedia&parent=36259"}],"wp:term":[{"taxonomy":"product_brand","embeddable":true,"href":"https:\/\/www.deporteseli.com\/index.php?rest_route=%2Fwp%2Fv2%2Fproduct_brand&post=36259"},{"taxonomy":"product_cat","embeddable":true,"href":"https:\/\/www.deporteseli.com\/index.php?rest_route=%2Fwp%2Fv2%2Fproduct_cat&post=36259"},{"taxonomy":"product_tag","embeddable":true,"href":"https:\/\/www.deporteseli.com\/index.php?rest_route=%2Fwp%2Fv2%2Fproduct_tag&post=36259"}],"curies":[{"name":"wp","href":"https:\/\/api.w.org\/{rel}","templated":true}]}}