{"id":36177,"date":"2026-01-27T17:06:47","date_gmt":"2026-01-27T17:06:47","guid":{"rendered":"https:\/\/www.deporteseli.com\/?product=conjunto-de-chandal-myt-half-zip"},"modified":"2026-01-27T17:06:49","modified_gmt":"2026-01-27T17:06:49","slug":"conjunto-de-chandal-myt-half-zip","status":"publish","type":"product","link":"https:\/\/www.deporteseli.com\/?product=conjunto-de-chandal-myt-half-zip","title":{"rendered":"CONJUNTO DE CH\u00e1NDAL MYT HALF-ZIP"},"content":{"rendered":"<p>CONJUNTO DE CH\u00c1NDAL MYT HALF-ZIP  UN CH\u00c1NDAL CON UN ESTILO MODERNO.  Conquista el d\u00eda con este conjunto de ch\u00e1ndal Reebok para mujer. Las mallas ajustadas y la sudadera con cremallera hasta el pecho y corte holgado te permitir\u00e1n moverte con fluidez de tu entrenamiento matutino a la hora del brunch. Los detalles de bloques de color le infunden un toque retro moderno.  DETALLES  Sudadera holgada y mallas ajustadas.  Dobby 100 % nailon.  Sudadera: cremallera hasta el pecho.  Sudadera: bolsillo tipo canguro.  Sudadera: pu\u00f1os y dobladillo el\u00e1sticos.  Mallas: cintura el\u00e1stica.  Color del art\u00edculo: Black  N\u00famero de art\u00edculo: GS9358                                                                                                                                                                                                                                                                                                                                                                                                                                                                                                                                                                                                                                                                                                                                                                                                                                                                                                                                                                                                                                        <\/p>\n","protected":false},"excerpt":{"rendered":"<p>CONJUNTO DE CH\u00e1NDAL MYT HALF-ZIP<\/p>\n","protected":false},"featured_media":50843,"template":"","meta":[],"product_brand":[],"product_cat":[273],"product_tag":[41],"class_list":{"0":"post-36177","1":"product","2":"type-product","3":"status-publish","4":"has-post-thumbnail","6":"product_cat-mujer_textil_chandals","7":"product_tag-reebok","8":"pa_color-unico","9":"pa_talla-xl","10":"thunk-woo-product-list","11":"opn-qv-enable","12":"open-woo-hover-","13":"open-single-product-tab-horizontal","14":"open-shadow-","15":"open-shadow-hover-","17":"first","18":"instock","19":"shipping-taxable","20":"purchasable","21":"product-type-variable"},"jetpack_sharing_enabled":true,"_links":{"self":[{"href":"https:\/\/www.deporteseli.com\/index.php?rest_route=\/wp\/v2\/product\/36177","targetHints":{"allow":["GET"]}}],"collection":[{"href":"https:\/\/www.deporteseli.com\/index.php?rest_route=\/wp\/v2\/product"}],"about":[{"href":"https:\/\/www.deporteseli.com\/index.php?rest_route=\/wp\/v2\/types\/product"}],"wp:featuredmedia":[{"embeddable":true,"href":"https:\/\/www.deporteseli.com\/index.php?rest_route=\/wp\/v2\/media\/50843"}],"wp:attachment":[{"href":"https:\/\/www.deporteseli.com\/index.php?rest_route=%2Fwp%2Fv2%2Fmedia&parent=36177"}],"wp:term":[{"taxonomy":"product_brand","embeddable":true,"href":"https:\/\/www.deporteseli.com\/index.php?rest_route=%2Fwp%2Fv2%2Fproduct_brand&post=36177"},{"taxonomy":"product_cat","embeddable":true,"href":"https:\/\/www.deporteseli.com\/index.php?rest_route=%2Fwp%2Fv2%2Fproduct_cat&post=36177"},{"taxonomy":"product_tag","embeddable":true,"href":"https:\/\/www.deporteseli.com\/index.php?rest_route=%2Fwp%2Fv2%2Fproduct_tag&post=36177"}],"curies":[{"name":"wp","href":"https:\/\/api.w.org\/{rel}","templated":true}]}}