{"id":36121,"date":"2026-01-27T17:05:39","date_gmt":"2026-01-27T17:05:39","guid":{"rendered":"https:\/\/www.deporteseli.com\/?product=chandal-j-smith-majagual-mujer"},"modified":"2026-01-27T17:05:41","modified_gmt":"2026-01-27T17:05:41","slug":"chandal-j-smith-majagual-mujer","status":"publish","type":"product","link":"https:\/\/www.deporteseli.com\/?product=chandal-j-smith-majagual-mujer","title":{"rendered":"CHANDAL J. SMITH MAJAGUAL MUJER"},"content":{"rendered":"<p>Ch\u00e1ndal  de algod\u00f3n, compuesto por sudadera color salm\u00f3n con capucha y pantal\u00f3n.  Chaqueta y pantal\u00f3n tipo malla.     C\u00f3digo producto: MAJAGUAL FUXIA    65%poliester    34%algodon    3%elastano                                                                                                                                                                                                                                                                                                                                                                                                                                                                                                                                                                                                                                                                                                                                                                                                                                                                                                                                                                                                                                        <\/p>\n","protected":false},"excerpt":{"rendered":"<p>CHANDAL J. SMITH MAJAGUAL MUJER<\/p>\n","protected":false},"featured_media":50800,"template":"","meta":[],"product_brand":[],"product_cat":[273],"product_tag":[43],"class_list":{"0":"post-36121","1":"product","2":"type-product","3":"status-publish","4":"has-post-thumbnail","6":"product_cat-mujer_textil_chandals","7":"product_tag-jhon_smith","8":"pa_color-unico","9":"pa_talla-xxl","10":"thunk-woo-product-list","11":"opn-qv-enable","12":"open-woo-hover-","13":"open-single-product-tab-horizontal","14":"open-shadow-","15":"open-shadow-hover-","17":"first","18":"instock","19":"shipping-taxable","20":"purchasable","21":"product-type-variable"},"jetpack_sharing_enabled":true,"_links":{"self":[{"href":"https:\/\/www.deporteseli.com\/index.php?rest_route=\/wp\/v2\/product\/36121","targetHints":{"allow":["GET"]}}],"collection":[{"href":"https:\/\/www.deporteseli.com\/index.php?rest_route=\/wp\/v2\/product"}],"about":[{"href":"https:\/\/www.deporteseli.com\/index.php?rest_route=\/wp\/v2\/types\/product"}],"wp:featuredmedia":[{"embeddable":true,"href":"https:\/\/www.deporteseli.com\/index.php?rest_route=\/wp\/v2\/media\/50800"}],"wp:attachment":[{"href":"https:\/\/www.deporteseli.com\/index.php?rest_route=%2Fwp%2Fv2%2Fmedia&parent=36121"}],"wp:term":[{"taxonomy":"product_brand","embeddable":true,"href":"https:\/\/www.deporteseli.com\/index.php?rest_route=%2Fwp%2Fv2%2Fproduct_brand&post=36121"},{"taxonomy":"product_cat","embeddable":true,"href":"https:\/\/www.deporteseli.com\/index.php?rest_route=%2Fwp%2Fv2%2Fproduct_cat&post=36121"},{"taxonomy":"product_tag","embeddable":true,"href":"https:\/\/www.deporteseli.com\/index.php?rest_route=%2Fwp%2Fv2%2Fproduct_tag&post=36121"}],"curies":[{"name":"wp","href":"https:\/\/api.w.org\/{rel}","templated":true}]}}