{"id":36093,"date":"2026-01-27T17:04:54","date_gmt":"2026-01-27T17:04:54","guid":{"rendered":"https:\/\/www.deporteseli.com\/?product=chaqueta-para-ninos-adidas-essentials"},"modified":"2026-01-27T17:05:02","modified_gmt":"2026-01-27T17:05:02","slug":"chaqueta-para-ninos-adidas-essentials","status":"publish","type":"product","link":"https:\/\/www.deporteseli.com\/?product=chaqueta-para-ninos-adidas-essentials","title":{"rendered":"CHAQUETA PARA NI\u00f1OS ADIDAS ESSENTIALS"},"content":{"rendered":"<p>Chaqueta para ni\u00f1os adidas Essentials  A\u00f1ade r\u00e1pidamente una capa extra antes de salir de casa. Esta sudadera con capucha junior tiene un corte entallado que le da un aspecto limpio. Tiene bolsillos laterales para guardar las llaves y el tel\u00e9fono. Las 3 rayas de los lados celebran la herencia adidas.    Ajuste delgado.                                                                                                                                                                                                                                                                                                                                                                                                                                                                                                                                                                                                                                                                                                                                                                                                                                                                                                                                                                                                                                        <\/p>\n","protected":false},"excerpt":{"rendered":"<p>CHAQUETA PARA NI\u00f1OS ADIDAS ESSENTIALS<\/p>\n","protected":false},"featured_media":50768,"template":"","meta":[],"product_brand":[],"product_cat":[384],"product_tag":[18],"class_list":{"0":"post-36093","1":"product","2":"type-product","3":"status-publish","4":"has-post-thumbnail","6":"product_cat-ninas_textil_sudaderas","7":"product_tag-adidas","8":"pa_color-unico","9":"pa_talla-t-10","10":"pa_talla-t-12","11":"pa_talla-t-14","12":"pa_talla-t-16","13":"pa_talla-t-6","14":"thunk-woo-product-list","15":"opn-qv-enable","16":"open-woo-hover-","17":"open-single-product-tab-horizontal","18":"open-shadow-","19":"open-shadow-hover-","21":"first","22":"instock","23":"shipping-taxable","24":"purchasable","25":"product-type-variable"},"jetpack_sharing_enabled":true,"_links":{"self":[{"href":"https:\/\/www.deporteseli.com\/index.php?rest_route=\/wp\/v2\/product\/36093","targetHints":{"allow":["GET"]}}],"collection":[{"href":"https:\/\/www.deporteseli.com\/index.php?rest_route=\/wp\/v2\/product"}],"about":[{"href":"https:\/\/www.deporteseli.com\/index.php?rest_route=\/wp\/v2\/types\/product"}],"wp:featuredmedia":[{"embeddable":true,"href":"https:\/\/www.deporteseli.com\/index.php?rest_route=\/wp\/v2\/media\/50768"}],"wp:attachment":[{"href":"https:\/\/www.deporteseli.com\/index.php?rest_route=%2Fwp%2Fv2%2Fmedia&parent=36093"}],"wp:term":[{"taxonomy":"product_brand","embeddable":true,"href":"https:\/\/www.deporteseli.com\/index.php?rest_route=%2Fwp%2Fv2%2Fproduct_brand&post=36093"},{"taxonomy":"product_cat","embeddable":true,"href":"https:\/\/www.deporteseli.com\/index.php?rest_route=%2Fwp%2Fv2%2Fproduct_cat&post=36093"},{"taxonomy":"product_tag","embeddable":true,"href":"https:\/\/www.deporteseli.com\/index.php?rest_route=%2Fwp%2Fv2%2Fproduct_tag&post=36093"}],"curies":[{"name":"wp","href":"https:\/\/api.w.org\/{rel}","templated":true}]}}