{"id":36064,"date":"2026-01-27T17:04:12","date_gmt":"2026-01-27T17:04:12","guid":{"rendered":"https:\/\/www.deporteseli.com\/?product=sudadera-adidas-essentials-girl-clear-pink"},"modified":"2026-01-27T17:04:17","modified_gmt":"2026-01-27T17:04:17","slug":"sudadera-adidas-essentials-girl-clear-pink","status":"publish","type":"product","link":"https:\/\/www.deporteseli.com\/?product=sudadera-adidas-essentials-girl-clear-pink","title":{"rendered":"SUDADERA ADIDAS ESSENTIALS GIRL CLEAR PINK"},"content":{"rendered":"<p>adidas Sudadera adidas Essentials Girl Clear Pink  DESCRIPCI\u00d3N  Deja que se centre en la comodidad a diario. Ponle esta sudadera para que disfrute de una prenda c\u00f3moda con el mejor estilo de adidas.  La sudadera sin capucha adidas Essentials es perfecta para el d\u00eda a d\u00eda gracias a su suave tejido de algod\u00f3n y a su dise\u00f1o sencillo y cl\u00e1sico. La podr\u00e1n combinar f\u00e1cilmente con cualquier pantal\u00f3n vaquero, deportivo o malla en todo momento.  CARACTER\u00cdSTICAS  Corte ajustado.  Cuello redondo.  Sin capucha.  Logotipo adidas en contraste.  Pu\u00f1os acanalados.  Color del art\u00edculo: Clear Pink \/ White.                                                                                                                                                                                                                                                                                                                                                                                                                                                                                                                                                                                                                                                                                                                                                                                                                                                                                                                                                                                                                                        <\/p>\n","protected":false},"excerpt":{"rendered":"<p>SUDADERA ADIDAS ESSENTIALS GIRL CLEAR PINK<\/p>\n","protected":false},"featured_media":50738,"template":"","meta":[],"product_brand":[],"product_cat":[384],"product_tag":[18],"class_list":{"0":"post-36064","1":"product","2":"type-product","3":"status-publish","4":"has-post-thumbnail","6":"product_cat-ninas_textil_sudaderas","7":"product_tag-adidas","8":"pa_color-unico","9":"pa_talla-t-12","10":"pa_talla-t-14","11":"pa_talla-t-16","12":"pa_talla-t-6","13":"thunk-woo-product-list","14":"opn-qv-enable","15":"open-woo-hover-","16":"open-single-product-tab-horizontal","17":"open-shadow-","18":"open-shadow-hover-","20":"first","21":"instock","22":"shipping-taxable","23":"purchasable","24":"product-type-variable"},"jetpack_sharing_enabled":true,"_links":{"self":[{"href":"https:\/\/www.deporteseli.com\/index.php?rest_route=\/wp\/v2\/product\/36064","targetHints":{"allow":["GET"]}}],"collection":[{"href":"https:\/\/www.deporteseli.com\/index.php?rest_route=\/wp\/v2\/product"}],"about":[{"href":"https:\/\/www.deporteseli.com\/index.php?rest_route=\/wp\/v2\/types\/product"}],"wp:featuredmedia":[{"embeddable":true,"href":"https:\/\/www.deporteseli.com\/index.php?rest_route=\/wp\/v2\/media\/50738"}],"wp:attachment":[{"href":"https:\/\/www.deporteseli.com\/index.php?rest_route=%2Fwp%2Fv2%2Fmedia&parent=36064"}],"wp:term":[{"taxonomy":"product_brand","embeddable":true,"href":"https:\/\/www.deporteseli.com\/index.php?rest_route=%2Fwp%2Fv2%2Fproduct_brand&post=36064"},{"taxonomy":"product_cat","embeddable":true,"href":"https:\/\/www.deporteseli.com\/index.php?rest_route=%2Fwp%2Fv2%2Fproduct_cat&post=36064"},{"taxonomy":"product_tag","embeddable":true,"href":"https:\/\/www.deporteseli.com\/index.php?rest_route=%2Fwp%2Fv2%2Fproduct_tag&post=36064"}],"curies":[{"name":"wp","href":"https:\/\/api.w.org\/{rel}","templated":true}]}}