{"id":36013,"date":"2026-01-27T17:03:02","date_gmt":"2026-01-27T17:03:02","guid":{"rendered":"https:\/\/www.deporteseli.com\/?product=calcetines-invisibles-active-foundation-pac-2"},"modified":"2026-01-27T17:03:04","modified_gmt":"2026-01-27T17:03:04","slug":"calcetines-invisibles-active-foundation-pac-2","status":"publish","type":"product","link":"https:\/\/www.deporteseli.com\/?product=calcetines-invisibles-active-foundation-pac-2","title":{"rendered":"CALCETINES INVISIBLES ACTIVE FOUNDATION &#8211; PAC"},"content":{"rendered":"<p>CALCETINES DE BAJO PERFIL  Invisibles y c\u00f3modos. Estos calcetines para entrenar tienen un dise\u00f1o minimalista con bordes acanalados que los mantienen en su lugar. Los dedos y tal\u00f3n vienen con felpa acolchada para brindarte confort a lo largo de tu rutina. Estos calcetines vienen en paquetes de 3 pares.  DETALLES  66% algod\u00f3n \/ 31% poli\u00e9ster \/ 3% elastano  Ideal para: Training  Corte bajo  3 pares por paquete  Tal\u00f3n y punta de felpa para confort y amortiguaci\u00f3n  Bordes acanalados que ayudan a mantener los calcetines en su lugar  Color del art\u00edculo: Black  N\u00famero de art\u00edculo: GH0424                                                                                                                                                                                                                                                                                                                                                                                                                                                                                                                                                                                                                                                                                                                                                                                                                                                                                                                                                                                                                                        <\/p>\n","protected":false},"excerpt":{"rendered":"<p>CALCETINES INVISIBLES ACTIVE FOUNDATION &#8211; PAC<\/p>\n","protected":false},"featured_media":50660,"template":"","meta":[],"product_brand":[],"product_cat":[400],"product_tag":[41],"class_list":{"0":"post-36013","1":"product","2":"type-product","3":"status-publish","4":"has-post-thumbnail","6":"product_cat-accesorios_calcetines","7":"product_tag-reebok","8":"pa_color-unico","9":"pa_talla-31-34","10":"thunk-woo-product-list","11":"opn-qv-enable","12":"open-woo-hover-","13":"open-single-product-tab-horizontal","14":"open-shadow-","15":"open-shadow-hover-","17":"first","18":"instock","19":"shipping-taxable","20":"purchasable","21":"product-type-variable"},"jetpack_sharing_enabled":true,"_links":{"self":[{"href":"https:\/\/www.deporteseli.com\/index.php?rest_route=\/wp\/v2\/product\/36013","targetHints":{"allow":["GET"]}}],"collection":[{"href":"https:\/\/www.deporteseli.com\/index.php?rest_route=\/wp\/v2\/product"}],"about":[{"href":"https:\/\/www.deporteseli.com\/index.php?rest_route=\/wp\/v2\/types\/product"}],"wp:featuredmedia":[{"embeddable":true,"href":"https:\/\/www.deporteseli.com\/index.php?rest_route=\/wp\/v2\/media\/50660"}],"wp:attachment":[{"href":"https:\/\/www.deporteseli.com\/index.php?rest_route=%2Fwp%2Fv2%2Fmedia&parent=36013"}],"wp:term":[{"taxonomy":"product_brand","embeddable":true,"href":"https:\/\/www.deporteseli.com\/index.php?rest_route=%2Fwp%2Fv2%2Fproduct_brand&post=36013"},{"taxonomy":"product_cat","embeddable":true,"href":"https:\/\/www.deporteseli.com\/index.php?rest_route=%2Fwp%2Fv2%2Fproduct_cat&post=36013"},{"taxonomy":"product_tag","embeddable":true,"href":"https:\/\/www.deporteseli.com\/index.php?rest_route=%2Fwp%2Fv2%2Fproduct_tag&post=36013"}],"curies":[{"name":"wp","href":"https:\/\/api.w.org\/{rel}","templated":true}]}}