{"id":35978,"date":"2026-01-27T17:02:11","date_gmt":"2026-01-27T17:02:11","guid":{"rendered":"https:\/\/www.deporteseli.com\/?product=nike-pantalon-nino-dri-fit-academy-cw6124-010"},"modified":"2026-01-27T17:02:12","modified_gmt":"2026-01-27T17:02:12","slug":"nike-pantalon-nino-dri-fit-academy-cw6124-010","status":"publish","type":"product","link":"https:\/\/www.deporteseli.com\/?product=nike-pantalon-nino-dri-fit-academy-cw6124-010","title":{"rendered":"NIKE PANTAL\u00f3N NI\u00f1O DRI-FIT ACADEMY CW6124-010"},"content":{"rendered":"<p>Pantal\u00f3n Nike Dri-FIT Academy  de corte ajustado con bolsillos laterales con cremallera    100% poli\u00e9ster    C\u00f3digo producto: CW6124-010    equivalencia tallas:    S- 10 a\u00f1os    M- 12 a\u00f1os    L- 14 a\u00f1os    XL-16 a\u00f1os                                                                                                                                                                                                                                                                                                                                                                                                                                                                                                                                                                                                                                                                                                                                                                                                                                                                                                                                                                                                                                        <\/p>\n","protected":false},"excerpt":{"rendered":"<p>NIKE PANTAL\u00f3N NI\u00f1O DRI-FIT ACADEMY CW6124-010<\/p>\n","protected":false},"featured_media":50620,"template":"","meta":[],"product_brand":[],"product_cat":[301],"product_tag":[37],"class_list":{"0":"post-35978","1":"product","2":"type-product","3":"status-publish","4":"has-post-thumbnail","6":"product_cat-nino_textil_pantalones","7":"product_tag-nike","8":"pa_color-unico","9":"pa_talla-s","10":"thunk-woo-product-list","11":"opn-qv-enable","12":"open-woo-hover-","13":"open-single-product-tab-horizontal","14":"open-shadow-","15":"open-shadow-hover-","17":"first","18":"instock","19":"shipping-taxable","20":"purchasable","21":"product-type-variable"},"jetpack_sharing_enabled":true,"_links":{"self":[{"href":"https:\/\/www.deporteseli.com\/index.php?rest_route=\/wp\/v2\/product\/35978","targetHints":{"allow":["GET"]}}],"collection":[{"href":"https:\/\/www.deporteseli.com\/index.php?rest_route=\/wp\/v2\/product"}],"about":[{"href":"https:\/\/www.deporteseli.com\/index.php?rest_route=\/wp\/v2\/types\/product"}],"wp:featuredmedia":[{"embeddable":true,"href":"https:\/\/www.deporteseli.com\/index.php?rest_route=\/wp\/v2\/media\/50620"}],"wp:attachment":[{"href":"https:\/\/www.deporteseli.com\/index.php?rest_route=%2Fwp%2Fv2%2Fmedia&parent=35978"}],"wp:term":[{"taxonomy":"product_brand","embeddable":true,"href":"https:\/\/www.deporteseli.com\/index.php?rest_route=%2Fwp%2Fv2%2Fproduct_brand&post=35978"},{"taxonomy":"product_cat","embeddable":true,"href":"https:\/\/www.deporteseli.com\/index.php?rest_route=%2Fwp%2Fv2%2Fproduct_cat&post=35978"},{"taxonomy":"product_tag","embeddable":true,"href":"https:\/\/www.deporteseli.com\/index.php?rest_route=%2Fwp%2Fv2%2Fproduct_tag&post=35978"}],"curies":[{"name":"wp","href":"https:\/\/api.w.org\/{rel}","templated":true}]}}