{"id":35953,"date":"2026-01-27T17:01:31","date_gmt":"2026-01-27T17:01:31","guid":{"rendered":"https:\/\/www.deporteseli.com\/?product=zapatilla-running-vitaly-lady-2101"},"modified":"2026-01-27T17:01:35","modified_gmt":"2026-01-27T17:01:35","slug":"zapatilla-running-vitaly-lady-2101","status":"publish","type":"product","link":"https:\/\/www.deporteseli.com\/?product=zapatilla-running-vitaly-lady-2101","title":{"rendered":"ZAPATILLA RUNNING VITALY LADY 2101"},"content":{"rendered":"<p>DETALLE DEL ART\u00cdCULO  Zapatilla running para mujer, realizada en nylon transpirable y micro PU. Plantilla extra\u00edble de EVA lisa y palmilla de EVA natural. Mediasuela de phylon de una sola pieza, seccionado para favorecer la adaptaci\u00f3n al terreno. Suela de caucho con abrasi\u00f3n DIN-90. Zapatilla de entrenamiento ligero con buena amortiguaci\u00f3n para la iniciaci\u00f3n en el running.  COMPOSICI\u00d3N  Forro : Text\u00edl  Suela : caucho                                                                                                                                                                                                                                                                                                                                                                                                                                                                                                                                                                                                                                                                                                                                                                                                                                                                                                                                                                                                                                        <\/p>\n","protected":false},"excerpt":{"rendered":"<p>ZAPATILLA RUNNING VITALY LADY 2101<\/p>\n","protected":false},"featured_media":50570,"template":"","meta":[],"product_brand":[],"product_cat":[285],"product_tag":[31],"class_list":{"0":"post-35953","1":"product","2":"type-product","3":"status-publish","4":"has-post-thumbnail","6":"product_cat-mujer_calzado_running","7":"product_tag-joma","8":"pa_color-unico","9":"pa_talla-141","10":"thunk-woo-product-list","11":"opn-qv-enable","12":"open-woo-hover-","13":"open-single-product-tab-horizontal","14":"open-shadow-","15":"open-shadow-hover-","17":"first","18":"instock","19":"sale","20":"shipping-taxable","21":"purchasable","22":"product-type-variable"},"jetpack_sharing_enabled":true,"_links":{"self":[{"href":"https:\/\/www.deporteseli.com\/index.php?rest_route=\/wp\/v2\/product\/35953","targetHints":{"allow":["GET"]}}],"collection":[{"href":"https:\/\/www.deporteseli.com\/index.php?rest_route=\/wp\/v2\/product"}],"about":[{"href":"https:\/\/www.deporteseli.com\/index.php?rest_route=\/wp\/v2\/types\/product"}],"wp:featuredmedia":[{"embeddable":true,"href":"https:\/\/www.deporteseli.com\/index.php?rest_route=\/wp\/v2\/media\/50570"}],"wp:attachment":[{"href":"https:\/\/www.deporteseli.com\/index.php?rest_route=%2Fwp%2Fv2%2Fmedia&parent=35953"}],"wp:term":[{"taxonomy":"product_brand","embeddable":true,"href":"https:\/\/www.deporteseli.com\/index.php?rest_route=%2Fwp%2Fv2%2Fproduct_brand&post=35953"},{"taxonomy":"product_cat","embeddable":true,"href":"https:\/\/www.deporteseli.com\/index.php?rest_route=%2Fwp%2Fv2%2Fproduct_cat&post=35953"},{"taxonomy":"product_tag","embeddable":true,"href":"https:\/\/www.deporteseli.com\/index.php?rest_route=%2Fwp%2Fv2%2Fproduct_tag&post=35953"}],"curies":[{"name":"wp","href":"https:\/\/api.w.org\/{rel}","templated":true}]}}