{"id":35863,"date":"2026-01-27T16:59:09","date_gmt":"2026-01-27T16:59:09","guid":{"rendered":"https:\/\/www.deporteseli.com\/?product=short-ellesse-fai"},"modified":"2026-01-27T16:59:11","modified_gmt":"2026-01-27T16:59:11","slug":"short-ellesse-fai","status":"publish","type":"product","link":"https:\/\/www.deporteseli.com\/?product=short-ellesse-fai","title":{"rendered":"SHORT ELLESSE FAI"},"content":{"rendered":"<p>Pantalones Cortos  Art\u00edculo n\u00ba: SHJ11927  Tejido: 100% poli\u00e9ster.  Estampado plastisol ellesse en el muslo  Cintura con cord\u00f3n de ajuste tubular de poli\u00e9ster el\u00e1stico  Paneles de colores en contraste  Detalle de puntada de mosca  Dos bolsillos laterales  Forro interior de malla de poli\u00e9ster  COMPOSICI\u00d3N   100% Poli\u00e9ster  LAVADO   Leer la etiqueta de producto.                                                                                                                                                                                                                                                                                                                                                                                                                                                                                                                                                                                                                                                                                                                                                                                                                                                                                                                                                                                                                                        <\/p>\n","protected":false},"excerpt":{"rendered":"<p>SHORT ELLESSE FAI<\/p>\n","protected":false},"featured_media":50502,"template":"","meta":[],"product_brand":[],"product_cat":[246],"product_tag":[52],"class_list":{"0":"post-35863","1":"product","2":"type-product","3":"status-publish","4":"has-post-thumbnail","6":"product_cat-hombre_textil_banadores","7":"product_tag-ellesse","8":"pa_color-unico","9":"pa_talla-l","10":"thunk-woo-product-list","11":"opn-qv-enable","12":"open-woo-hover-","13":"open-single-product-tab-horizontal","14":"open-shadow-","15":"open-shadow-hover-","17":"first","18":"instock","19":"shipping-taxable","20":"purchasable","21":"product-type-variable"},"jetpack_sharing_enabled":true,"_links":{"self":[{"href":"https:\/\/www.deporteseli.com\/index.php?rest_route=\/wp\/v2\/product\/35863","targetHints":{"allow":["GET"]}}],"collection":[{"href":"https:\/\/www.deporteseli.com\/index.php?rest_route=\/wp\/v2\/product"}],"about":[{"href":"https:\/\/www.deporteseli.com\/index.php?rest_route=\/wp\/v2\/types\/product"}],"wp:featuredmedia":[{"embeddable":true,"href":"https:\/\/www.deporteseli.com\/index.php?rest_route=\/wp\/v2\/media\/50502"}],"wp:attachment":[{"href":"https:\/\/www.deporteseli.com\/index.php?rest_route=%2Fwp%2Fv2%2Fmedia&parent=35863"}],"wp:term":[{"taxonomy":"product_brand","embeddable":true,"href":"https:\/\/www.deporteseli.com\/index.php?rest_route=%2Fwp%2Fv2%2Fproduct_brand&post=35863"},{"taxonomy":"product_cat","embeddable":true,"href":"https:\/\/www.deporteseli.com\/index.php?rest_route=%2Fwp%2Fv2%2Fproduct_cat&post=35863"},{"taxonomy":"product_tag","embeddable":true,"href":"https:\/\/www.deporteseli.com\/index.php?rest_route=%2Fwp%2Fv2%2Fproduct_tag&post=35863"}],"curies":[{"name":"wp","href":"https:\/\/api.w.org\/{rel}","templated":true}]}}