{"id":35797,"date":"2026-01-27T16:57:39","date_gmt":"2026-01-27T16:57:39","guid":{"rendered":"https:\/\/www.deporteseli.com\/?product=short-head-811379-21-royal"},"modified":"2026-03-07T05:18:18","modified_gmt":"2026-03-07T05:18:18","slug":"short-head-811379-21-royal","status":"publish","type":"product","link":"https:\/\/www.deporteseli.com\/?product=short-head-811379-21-royal","title":{"rendered":"SHORT HEAD 811379\/21 ROYAL"},"content":{"rendered":"<p>Descripci\u00f3n Head Club  Colores hasta donde alcanza la vista: los shorts Club de HEAD visten a cualquier equipo, incluido el tuyo. Una cintura el\u00e1stica con cord\u00f3n y dos bolsillos la convierten en una prenda vers\u00e1til que querr\u00e1s llevar incluso fuera de la pista.      Caracteristicas:    &#8211; Cuello redondo  &#8211; Detalles de malla      Especificaciones:    &#8211; Revestimiento: 100% Polyester Mesh (only WH)  &#8211; Forma: Regular fit  &#8211; Material: Main fabric : 100% Polyester woven  &#8211; Gusset: 100% Polyester Mesh                                                                                                                                                                                                                                                                                                                                                                                                                                                                                                                                                                                                                                                                                                                                                                                                                                                                                                                                                                                                                                        <\/p>\n","protected":false},"excerpt":{"rendered":"<p>SHORT HEAD 811379\/21 ROYAL<\/p>\n","protected":false},"featured_media":50441,"template":"","meta":[],"product_brand":[],"product_cat":[365],"product_tag":[22],"class_list":{"0":"post-35797","1":"product","2":"type-product","3":"status-publish","4":"has-post-thumbnail","6":"product_cat-padel_y_tenis_textil_shorts","7":"product_tag-head","8":"pa_color-unico","9":"pa_talla-l","10":"pa_talla-m","11":"thunk-woo-product-list","12":"opn-qv-enable","13":"open-woo-hover-","14":"open-single-product-tab-horizontal","15":"open-shadow-","16":"open-shadow-hover-","18":"first","19":"instock","20":"shipping-taxable","21":"purchasable","22":"product-type-variable"},"jetpack_sharing_enabled":true,"_links":{"self":[{"href":"https:\/\/www.deporteseli.com\/index.php?rest_route=\/wp\/v2\/product\/35797","targetHints":{"allow":["GET"]}}],"collection":[{"href":"https:\/\/www.deporteseli.com\/index.php?rest_route=\/wp\/v2\/product"}],"about":[{"href":"https:\/\/www.deporteseli.com\/index.php?rest_route=\/wp\/v2\/types\/product"}],"wp:featuredmedia":[{"embeddable":true,"href":"https:\/\/www.deporteseli.com\/index.php?rest_route=\/wp\/v2\/media\/50441"}],"wp:attachment":[{"href":"https:\/\/www.deporteseli.com\/index.php?rest_route=%2Fwp%2Fv2%2Fmedia&parent=35797"}],"wp:term":[{"taxonomy":"product_brand","embeddable":true,"href":"https:\/\/www.deporteseli.com\/index.php?rest_route=%2Fwp%2Fv2%2Fproduct_brand&post=35797"},{"taxonomy":"product_cat","embeddable":true,"href":"https:\/\/www.deporteseli.com\/index.php?rest_route=%2Fwp%2Fv2%2Fproduct_cat&post=35797"},{"taxonomy":"product_tag","embeddable":true,"href":"https:\/\/www.deporteseli.com\/index.php?rest_route=%2Fwp%2Fv2%2Fproduct_tag&post=35797"}],"curies":[{"name":"wp","href":"https:\/\/api.w.org\/{rel}","templated":true}]}}