{"id":35757,"date":"2026-01-27T16:56:47","date_gmt":"2026-01-27T16:56:47","guid":{"rendered":"https:\/\/www.deporteseli.com\/?product=bermuda-algodon-elastan-hombre"},"modified":"2026-01-27T16:56:49","modified_gmt":"2026-01-27T16:56:49","slug":"bermuda-algodon-elastan-hombre","status":"publish","type":"product","link":"https:\/\/www.deporteseli.com\/?product=bermuda-algodon-elastan-hombre","title":{"rendered":"BERMUDA ALGOD\u00f3N\/ELAST\u00e1N HOMBRE"},"content":{"rendered":"<p>5711029-REN\u00c9 Prestaciones: C\u00f3moda, confortable, tacto agradable, transpirable. Composici\u00f3n: 99% Algod\u00f3n- 1% Elast\u00e1n( 180 grs.). Caracter\u00edsticas: Cintura normal con cierre de bot\u00f3n, bolsillos delanteros en diagonal, bolsillo monedero, dos bolsillos traseros insertados. Colores: Verde Grana Azul Jeans Gris Claro Tallas: 38-40-42-44-46-48-50-52-54                                                                                                                                                                                                                                                                                                                                                                                                                                                                                                                                                                                                                                                                                                                                                                                                                                                                                                                                                                                                                                        <\/p>\n","protected":false},"excerpt":{"rendered":"<p>BERMUDA ALGOD\u00f3N\/ELAST\u00e1N HOMBRE<\/p>\n","protected":false},"featured_media":50414,"template":"","meta":[],"product_brand":[],"product_cat":[250],"product_tag":[70],"class_list":{"0":"post-35757","1":"product","2":"type-product","3":"status-publish","4":"has-post-thumbnail","6":"product_cat-hombre_textil_bermudas","7":"product_tag-bcn","8":"pa_color-unico","9":"pa_talla-164","10":"thunk-woo-product-list","11":"opn-qv-enable","12":"open-woo-hover-","13":"open-single-product-tab-horizontal","14":"open-shadow-","15":"open-shadow-hover-","17":"first","18":"instock","19":"shipping-taxable","20":"purchasable","21":"product-type-variable"},"jetpack_sharing_enabled":true,"_links":{"self":[{"href":"https:\/\/www.deporteseli.com\/index.php?rest_route=\/wp\/v2\/product\/35757","targetHints":{"allow":["GET"]}}],"collection":[{"href":"https:\/\/www.deporteseli.com\/index.php?rest_route=\/wp\/v2\/product"}],"about":[{"href":"https:\/\/www.deporteseli.com\/index.php?rest_route=\/wp\/v2\/types\/product"}],"wp:featuredmedia":[{"embeddable":true,"href":"https:\/\/www.deporteseli.com\/index.php?rest_route=\/wp\/v2\/media\/50414"}],"wp:attachment":[{"href":"https:\/\/www.deporteseli.com\/index.php?rest_route=%2Fwp%2Fv2%2Fmedia&parent=35757"}],"wp:term":[{"taxonomy":"product_brand","embeddable":true,"href":"https:\/\/www.deporteseli.com\/index.php?rest_route=%2Fwp%2Fv2%2Fproduct_brand&post=35757"},{"taxonomy":"product_cat","embeddable":true,"href":"https:\/\/www.deporteseli.com\/index.php?rest_route=%2Fwp%2Fv2%2Fproduct_cat&post=35757"},{"taxonomy":"product_tag","embeddable":true,"href":"https:\/\/www.deporteseli.com\/index.php?rest_route=%2Fwp%2Fv2%2Fproduct_tag&post=35757"}],"curies":[{"name":"wp","href":"https:\/\/api.w.org\/{rel}","templated":true}]}}