{"id":35731,"date":"2026-01-27T16:56:10","date_gmt":"2026-01-27T16:56:10","guid":{"rendered":"https:\/\/www.deporteseli.com\/?product=mochila-saco-tiro"},"modified":"2026-01-27T16:56:12","modified_gmt":"2026-01-27T16:56:12","slug":"mochila-saco-tiro","status":"publish","type":"product","link":"https:\/\/www.deporteseli.com\/?product=mochila-saco-tiro","title":{"rendered":"MOCHILA SACO TIRO"},"content":{"rendered":"<p>TRANSPORTE FUNCIONAL Y LIGERO  Llega puntual a tu cita con el f\u00fatbol. Organiza c\u00f3modamente tu ropa de entrenamiento gracias a esta sencilla mochila saco. Incluye un peque\u00f1o bolsillo con cremallera para guardar las llaves o la cartera.  DETALLES  Dimensiones: 47 cm x 37 cm  Tejido t\u00e9cnico 100% poli\u00e9ster  Bolsillo lateral con cremallera  Compartimento principal con cierre de cordones  Cierre ajustable con cordones que hacen las veces de correas para los hombros  Color del art\u00edculo: Black \/ White  N\u00famero de art\u00edculo: DQ1068                                                                                                                                                                                                                                                                                                                                                                                                                                                                                                                                                                                                                                                                                                                                                                                                                                                                                                                                                                                                                                        <\/p>\n","protected":false},"excerpt":{"rendered":"<p>MOCHILA SACO TIRO<\/p>\n","protected":false},"featured_media":50388,"template":"","meta":[],"product_brand":[],"product_cat":[337],"product_tag":[18],"class_list":{"0":"post-35731","1":"product","2":"type-product","3":"status-publish","4":"has-post-thumbnail","6":"product_cat-deportes_piscina_accesorios","7":"product_tag-adidas","8":"pa_color-unico","9":"pa_talla-unica","10":"thunk-woo-product-list","11":"opn-qv-enable","12":"open-woo-hover-","13":"open-single-product-tab-horizontal","14":"open-shadow-","15":"open-shadow-hover-","17":"first","18":"instock","19":"shipping-taxable","20":"purchasable","21":"product-type-variable"},"jetpack_sharing_enabled":true,"_links":{"self":[{"href":"https:\/\/www.deporteseli.com\/index.php?rest_route=\/wp\/v2\/product\/35731","targetHints":{"allow":["GET"]}}],"collection":[{"href":"https:\/\/www.deporteseli.com\/index.php?rest_route=\/wp\/v2\/product"}],"about":[{"href":"https:\/\/www.deporteseli.com\/index.php?rest_route=\/wp\/v2\/types\/product"}],"wp:featuredmedia":[{"embeddable":true,"href":"https:\/\/www.deporteseli.com\/index.php?rest_route=\/wp\/v2\/media\/50388"}],"wp:attachment":[{"href":"https:\/\/www.deporteseli.com\/index.php?rest_route=%2Fwp%2Fv2%2Fmedia&parent=35731"}],"wp:term":[{"taxonomy":"product_brand","embeddable":true,"href":"https:\/\/www.deporteseli.com\/index.php?rest_route=%2Fwp%2Fv2%2Fproduct_brand&post=35731"},{"taxonomy":"product_cat","embeddable":true,"href":"https:\/\/www.deporteseli.com\/index.php?rest_route=%2Fwp%2Fv2%2Fproduct_cat&post=35731"},{"taxonomy":"product_tag","embeddable":true,"href":"https:\/\/www.deporteseli.com\/index.php?rest_route=%2Fwp%2Fv2%2Fproduct_tag&post=35731"}],"curies":[{"name":"wp","href":"https:\/\/api.w.org\/{rel}","templated":true}]}}