{"id":35729,"date":"2026-01-27T16:56:07","date_gmt":"2026-01-27T16:56:07","guid":{"rendered":"https:\/\/www.deporteseli.com\/?product=tenis-fila-3ls91101100-21-todo-blanco"},"modified":"2026-02-13T10:41:36","modified_gmt":"2026-02-13T10:41:36","slug":"tenis-fila-3ls91101100-21-todo-blanco","status":"publish","type":"product","link":"https:\/\/www.deporteseli.com\/?product=tenis-fila-3ls91101100-21-todo-blanco","title":{"rendered":"TENIS FILA 3LS91101100\/21 TODO BLANCO"},"content":{"rendered":"<p>Material exterior: Sint\u00e9tico  Cierre: velcro y liga el\u00e1stica.  Composici\u00f3n: 100% sint\u00e9tico  Anchura del zapato: medium  Color blanco\/blanco                                                                                                                                                                                                                                                                                                                                                                                                                                                                                                                                                                                                                                                                                                                                                                                                                                                                                                                                                                                                                                        <\/p>\n","protected":false},"excerpt":{"rendered":"<p>TENIS FILA 3LS91101100\/21 TODO BLANCO<\/p>\n","protected":false},"featured_media":50384,"template":"","meta":[],"product_brand":[],"product_cat":[237],"product_tag":[46],"class_list":{"0":"post-35729","1":"product","2":"type-product","3":"status-publish","4":"has-post-thumbnail","6":"product_cat-outlet_calzado","7":"product_tag-fila","8":"pa_color-unico","9":"pa_talla-127","10":"thunk-woo-product-list","11":"opn-qv-enable","12":"open-woo-hover-","13":"open-single-product-tab-horizontal","14":"open-shadow-","15":"open-shadow-hover-","17":"first","18":"instock","19":"shipping-taxable","20":"purchasable","21":"product-type-variable"},"jetpack_sharing_enabled":true,"_links":{"self":[{"href":"https:\/\/www.deporteseli.com\/index.php?rest_route=\/wp\/v2\/product\/35729","targetHints":{"allow":["GET"]}}],"collection":[{"href":"https:\/\/www.deporteseli.com\/index.php?rest_route=\/wp\/v2\/product"}],"about":[{"href":"https:\/\/www.deporteseli.com\/index.php?rest_route=\/wp\/v2\/types\/product"}],"wp:featuredmedia":[{"embeddable":true,"href":"https:\/\/www.deporteseli.com\/index.php?rest_route=\/wp\/v2\/media\/50384"}],"wp:attachment":[{"href":"https:\/\/www.deporteseli.com\/index.php?rest_route=%2Fwp%2Fv2%2Fmedia&parent=35729"}],"wp:term":[{"taxonomy":"product_brand","embeddable":true,"href":"https:\/\/www.deporteseli.com\/index.php?rest_route=%2Fwp%2Fv2%2Fproduct_brand&post=35729"},{"taxonomy":"product_cat","embeddable":true,"href":"https:\/\/www.deporteseli.com\/index.php?rest_route=%2Fwp%2Fv2%2Fproduct_cat&post=35729"},{"taxonomy":"product_tag","embeddable":true,"href":"https:\/\/www.deporteseli.com\/index.php?rest_route=%2Fwp%2Fv2%2Fproduct_tag&post=35729"}],"curies":[{"name":"wp","href":"https:\/\/api.w.org\/{rel}","templated":true}]}}