{"id":35688,"date":"2026-01-27T16:55:04","date_gmt":"2026-01-27T16:55:04","guid":{"rendered":"https:\/\/www.deporteseli.com\/?product=conjunto-de-camiseta-y-pantalon-corto-essenti"},"modified":"2026-01-27T16:55:08","modified_gmt":"2026-01-27T16:55:08","slug":"conjunto-de-camiseta-y-pantalon-corto-essenti","status":"publish","type":"product","link":"https:\/\/www.deporteseli.com\/?product=conjunto-de-camiseta-y-pantalon-corto-essenti","title":{"rendered":"CONJUNTO DE CAMISETA Y PANTAL\u00f3N CORTO ESSENTI"},"content":{"rendered":"<p>SUS PRIMEROS PASOS PARA SENTIR EL ESP\u00cdRITU ADIDAS  Entre risas, juegos, ca\u00eddas y siestas, tu peque te tiene todo el d\u00eda en alerta. Ponle ropa c\u00f3moda y deportiva y no te pierdas la magia que irradiar\u00e1 con este conjunto adidas para beb\u00e9s. Se ha confeccionado en algod\u00f3n suave y luce el logotipo de adidas en grande.    Nuestros productos de algod\u00f3n se han fabricado de forma sostenible y ayudan a acabar con los residuos pl\u00e1sticos.  DETALLES  Corte cl\u00e1sico  Cuello redondo de canal\u00e9 con botones a presi\u00f3n en el hombro  Punto 100% algod\u00f3n  Tacto suave  Cintura el\u00e1stica  Dise\u00f1o con bloques de color  Color del art\u00edculo: Hazy Sky \/ Royal Blue  N\u00famero de art\u00edculo: GN3928                                                                                                                                                                                                                                                                                                                                                                                                                                                                                                                                                                                                                                                                                                                                                                                                                                                                                                                                                                                                                                        <\/p>\n","protected":false},"excerpt":{"rendered":"<p>CONJUNTO DE CAMISETA Y PANTAL\u00f3N CORTO ESSENTI<\/p>\n","protected":false},"featured_media":50344,"template":"","meta":[],"product_brand":[],"product_cat":[297],"product_tag":[18],"class_list":{"0":"post-35688","1":"product","2":"type-product","3":"status-publish","4":"has-post-thumbnail","6":"product_cat-nino_textil_conjuntos","7":"product_tag-adidas","8":"pa_color-unico","9":"pa_talla-18-meses","10":"pa_talla-167","11":"pa_talla-168","12":"thunk-woo-product-list","13":"opn-qv-enable","14":"open-woo-hover-","15":"open-single-product-tab-horizontal","16":"open-shadow-","17":"open-shadow-hover-","19":"first","20":"instock","21":"shipping-taxable","22":"purchasable","23":"product-type-variable"},"jetpack_sharing_enabled":true,"_links":{"self":[{"href":"https:\/\/www.deporteseli.com\/index.php?rest_route=\/wp\/v2\/product\/35688","targetHints":{"allow":["GET"]}}],"collection":[{"href":"https:\/\/www.deporteseli.com\/index.php?rest_route=\/wp\/v2\/product"}],"about":[{"href":"https:\/\/www.deporteseli.com\/index.php?rest_route=\/wp\/v2\/types\/product"}],"wp:featuredmedia":[{"embeddable":true,"href":"https:\/\/www.deporteseli.com\/index.php?rest_route=\/wp\/v2\/media\/50344"}],"wp:attachment":[{"href":"https:\/\/www.deporteseli.com\/index.php?rest_route=%2Fwp%2Fv2%2Fmedia&parent=35688"}],"wp:term":[{"taxonomy":"product_brand","embeddable":true,"href":"https:\/\/www.deporteseli.com\/index.php?rest_route=%2Fwp%2Fv2%2Fproduct_brand&post=35688"},{"taxonomy":"product_cat","embeddable":true,"href":"https:\/\/www.deporteseli.com\/index.php?rest_route=%2Fwp%2Fv2%2Fproduct_cat&post=35688"},{"taxonomy":"product_tag","embeddable":true,"href":"https:\/\/www.deporteseli.com\/index.php?rest_route=%2Fwp%2Fv2%2Fproduct_tag&post=35688"}],"curies":[{"name":"wp","href":"https:\/\/api.w.org\/{rel}","templated":true}]}}