{"id":35676,"date":"2026-01-27T16:54:45","date_gmt":"2026-01-27T16:54:45","guid":{"rendered":"https:\/\/www.deporteseli.com\/?product=calcetin-invisible-nike-lightweight-3-pares"},"modified":"2026-01-27T16:54:46","modified_gmt":"2026-01-27T16:54:46","slug":"calcetin-invisible-nike-lightweight-3-pares","status":"publish","type":"product","link":"https:\/\/www.deporteseli.com\/?product=calcetin-invisible-nike-lightweight-3-pares","title":{"rendered":"CALCETIN INVISIBLE NIKE LIGHTWEIGHT 3 PARES"},"content":{"rendered":"<p>LIGEREZA Y COMODIDAD.  Los calcetines Nike Lightweight No-Show unisex (3 pares) est\u00e1n confeccionados con tejido el\u00e1stico y suave para un ajuste ce\u00f1ido y c\u00f3modo.    Tal\u00f3n y dedos reforzados para ofrecer una mayor durabilidad en las zonas de gran desgaste.  Sin amortiguaci\u00f3n para una sensaci\u00f3n ligera sin a\u00f1adir volumen.  Lavar a m\u00e1quina  De importaci\u00f3n    100 % TELA                                                                                                                                                                                                                                                                                                                                                                                                                                                                                                                                                                                                                                                                                                                                                                                                                                                                                                                                                                                                                                        <\/p>\n","protected":false},"excerpt":{"rendered":"<p>CALCETIN INVISIBLE NIKE LIGHTWEIGHT 3 PARES<\/p>\n","protected":false},"featured_media":50335,"template":"","meta":[],"product_brand":[],"product_cat":[400],"product_tag":[37],"class_list":{"0":"post-35676","1":"product","2":"type-product","3":"status-publish","4":"has-post-thumbnail","6":"product_cat-accesorios_calcetines","7":"product_tag-nike","8":"pa_color-unico","9":"pa_talla-35-38","10":"thunk-woo-product-list","11":"opn-qv-enable","12":"open-woo-hover-","13":"open-single-product-tab-horizontal","14":"open-shadow-","15":"open-shadow-hover-","17":"first","18":"instock","19":"shipping-taxable","20":"purchasable","21":"product-type-variable"},"jetpack_sharing_enabled":true,"_links":{"self":[{"href":"https:\/\/www.deporteseli.com\/index.php?rest_route=\/wp\/v2\/product\/35676","targetHints":{"allow":["GET"]}}],"collection":[{"href":"https:\/\/www.deporteseli.com\/index.php?rest_route=\/wp\/v2\/product"}],"about":[{"href":"https:\/\/www.deporteseli.com\/index.php?rest_route=\/wp\/v2\/types\/product"}],"wp:featuredmedia":[{"embeddable":true,"href":"https:\/\/www.deporteseli.com\/index.php?rest_route=\/wp\/v2\/media\/50335"}],"wp:attachment":[{"href":"https:\/\/www.deporteseli.com\/index.php?rest_route=%2Fwp%2Fv2%2Fmedia&parent=35676"}],"wp:term":[{"taxonomy":"product_brand","embeddable":true,"href":"https:\/\/www.deporteseli.com\/index.php?rest_route=%2Fwp%2Fv2%2Fproduct_brand&post=35676"},{"taxonomy":"product_cat","embeddable":true,"href":"https:\/\/www.deporteseli.com\/index.php?rest_route=%2Fwp%2Fv2%2Fproduct_cat&post=35676"},{"taxonomy":"product_tag","embeddable":true,"href":"https:\/\/www.deporteseli.com\/index.php?rest_route=%2Fwp%2Fv2%2Fproduct_tag&post=35676"}],"curies":[{"name":"wp","href":"https:\/\/api.w.org\/{rel}","templated":true}]}}