{"id":35642,"date":"2026-01-27T16:53:57","date_gmt":"2026-01-27T16:53:57","guid":{"rendered":"https:\/\/www.deporteseli.com\/?product=camisa-puma-586960-02-21"},"modified":"2026-01-27T16:53:58","modified_gmt":"2026-01-27T16:53:58","slug":"camisa-puma-586960-02-21","status":"publish","type":"product","link":"https:\/\/www.deporteseli.com\/?product=camisa-puma-586960-02-21","title":{"rendered":"CAMISA PUMA 586960-02\/21"},"content":{"rendered":"<p>Descripci\u00f3n de la linea  No. 1 Logo rubber print   Rib crew neck   Regular fit   Made with cotton from Better Cotton Initiative   Made with bluesign\u00ae certified fabrics   Descripci\u00f3n  Esta camiseta Essentials es un cl\u00e1sico que est\u00e1 listo para llevar tu estilo casual al siguiente nivel. La marca PUMA vistosa y la tela de algod\u00f3n 100 % hacen que resalte del r&#8230;   Style: 586960_02   COLOR: Puma White  Material  Main Material 1: 100% cotton BCI &#8211; single jersey &#8211; 160.00 g\/m\u00b2 &#8211; piece dyed &#8211; Chemical- Regular finishing  Rib: 80% cotton BCI, 20% polyester &#8211; 1&#215;1 rib &#8211; 280.00 g\/m\u00b2 &#8211; piece dyed &#8211; Chemical- Regular finishing                                                                                                                                                                                                                                                                                                                                                                                                                                                                                                                                                                                                                                                                                                                                                                                                                                                                                                                                                                                                                                        <\/p>\n","protected":false},"excerpt":{"rendered":"<p>CAMISA PUMA 586960-02\/21<\/p>\n","protected":false},"featured_media":50316,"template":"","meta":[],"product_brand":[],"product_cat":[296],"product_tag":[32],"class_list":{"0":"post-35642","1":"product","2":"type-product","3":"status-publish","4":"has-post-thumbnail","6":"product_cat-nino_textil_camisetas","7":"product_tag-puma","8":"pa_color-unico","9":"pa_talla-t-12","10":"thunk-woo-product-list","11":"opn-qv-enable","12":"open-woo-hover-","13":"open-single-product-tab-horizontal","14":"open-shadow-","15":"open-shadow-hover-","17":"first","18":"instock","19":"shipping-taxable","20":"purchasable","21":"product-type-variable"},"jetpack_sharing_enabled":true,"_links":{"self":[{"href":"https:\/\/www.deporteseli.com\/index.php?rest_route=\/wp\/v2\/product\/35642","targetHints":{"allow":["GET"]}}],"collection":[{"href":"https:\/\/www.deporteseli.com\/index.php?rest_route=\/wp\/v2\/product"}],"about":[{"href":"https:\/\/www.deporteseli.com\/index.php?rest_route=\/wp\/v2\/types\/product"}],"wp:featuredmedia":[{"embeddable":true,"href":"https:\/\/www.deporteseli.com\/index.php?rest_route=\/wp\/v2\/media\/50316"}],"wp:attachment":[{"href":"https:\/\/www.deporteseli.com\/index.php?rest_route=%2Fwp%2Fv2%2Fmedia&parent=35642"}],"wp:term":[{"taxonomy":"product_brand","embeddable":true,"href":"https:\/\/www.deporteseli.com\/index.php?rest_route=%2Fwp%2Fv2%2Fproduct_brand&post=35642"},{"taxonomy":"product_cat","embeddable":true,"href":"https:\/\/www.deporteseli.com\/index.php?rest_route=%2Fwp%2Fv2%2Fproduct_cat&post=35642"},{"taxonomy":"product_tag","embeddable":true,"href":"https:\/\/www.deporteseli.com\/index.php?rest_route=%2Fwp%2Fv2%2Fproduct_tag&post=35642"}],"curies":[{"name":"wp","href":"https:\/\/api.w.org\/{rel}","templated":true}]}}