{"id":35525,"date":"2026-01-27T16:51:08","date_gmt":"2026-01-27T16:51:08","guid":{"rendered":"https:\/\/www.deporteseli.com\/?product=banador-colorblock"},"modified":"2026-01-27T16:51:12","modified_gmt":"2026-01-27T16:51:12","slug":"banador-colorblock","status":"publish","type":"product","link":"https:\/\/www.deporteseli.com\/?product=banador-colorblock","title":{"rendered":"BA\u00f1ADOR COLORBLOCK"},"content":{"rendered":"<p>CONFORT Y LIGEREZA  Castillos de arena, conchas y estrellas de mar. Los d\u00edas de playa son inolvidables. Este ba\u00f1ador adidas para peque\u00f1os nadadores presenta un tejido t\u00e9cnico de secado r\u00e1pido que le mantiene c\u00f3modo en el agua y mientras duerme en el coche de camino a casa.    Este producto se ha fabricado con Primegreen, una combinaci\u00f3n de materiales reciclados de alto rendimiento.  DETALLES  Corte cl\u00e1sico  Cintura el\u00e1stica con cord\u00f3n  Calzoncillo interior de malla  Bolsillos frontales  Tejido resistente al cloro  Primegreen  Color del art\u00edculo: Crew Navy \/ Hazy Sky  N\u00famero de art\u00edculo: GN5888                                                                                                                                                                                                                                                                                                                                                                                                                                                                                                                                                                                                                                                                                                                                                                                                                                                                                                                                                                                                                                        <\/p>\n","protected":false},"excerpt":{"rendered":"<p>BA\u00f1ADOR COLORBLOCK<\/p>\n","protected":false},"featured_media":50222,"template":"","meta":[],"product_brand":[],"product_cat":[299],"product_tag":[18],"class_list":{"0":"post-35525","1":"product","2":"type-product","3":"status-publish","4":"has-post-thumbnail","6":"product_cat-nino_textil_bermudas","7":"product_tag-adidas","8":"pa_color-unico","9":"pa_talla-t-14","10":"pa_talla-t-16","11":"thunk-woo-product-list","12":"opn-qv-enable","13":"open-woo-hover-","14":"open-single-product-tab-horizontal","15":"open-shadow-","16":"open-shadow-hover-","18":"first","19":"instock","20":"shipping-taxable","21":"purchasable","22":"product-type-variable"},"jetpack_sharing_enabled":true,"_links":{"self":[{"href":"https:\/\/www.deporteseli.com\/index.php?rest_route=\/wp\/v2\/product\/35525","targetHints":{"allow":["GET"]}}],"collection":[{"href":"https:\/\/www.deporteseli.com\/index.php?rest_route=\/wp\/v2\/product"}],"about":[{"href":"https:\/\/www.deporteseli.com\/index.php?rest_route=\/wp\/v2\/types\/product"}],"wp:featuredmedia":[{"embeddable":true,"href":"https:\/\/www.deporteseli.com\/index.php?rest_route=\/wp\/v2\/media\/50222"}],"wp:attachment":[{"href":"https:\/\/www.deporteseli.com\/index.php?rest_route=%2Fwp%2Fv2%2Fmedia&parent=35525"}],"wp:term":[{"taxonomy":"product_brand","embeddable":true,"href":"https:\/\/www.deporteseli.com\/index.php?rest_route=%2Fwp%2Fv2%2Fproduct_brand&post=35525"},{"taxonomy":"product_cat","embeddable":true,"href":"https:\/\/www.deporteseli.com\/index.php?rest_route=%2Fwp%2Fv2%2Fproduct_cat&post=35525"},{"taxonomy":"product_tag","embeddable":true,"href":"https:\/\/www.deporteseli.com\/index.php?rest_route=%2Fwp%2Fv2%2Fproduct_tag&post=35525"}],"curies":[{"name":"wp","href":"https:\/\/api.w.org\/{rel}","templated":true}]}}