{"id":35480,"date":"2026-01-27T16:50:06","date_gmt":"2026-01-27T16:50:06","guid":{"rendered":"https:\/\/www.deporteseli.com\/?product=zapatilla-vs-switch"},"modified":"2026-02-12T19:31:28","modified_gmt":"2026-02-12T19:31:28","slug":"zapatilla-vs-switch","status":"publish","type":"product","link":"https:\/\/www.deporteseli.com\/?product=zapatilla-vs-switch","title":{"rendered":"ZAPATILLA VS SWITCH"},"content":{"rendered":"<p>UN ESTILO ATEMPORAL Y C\u00d3MODO  La actualizaci\u00f3n de un dise\u00f1o retro. Esta zapatilla adidas para peque\u00f1os deportistas presenta una parte superior de nobuk sint\u00e9tico para que sus pies se sientan c\u00f3modos de la ma\u00f1ana a la noche. El cierre con tiras de velcro le ayuda a calzarse y descalzarse f\u00e1cilmente.  DETALLES  Cierre de velcro  Parte superior de nobuk sint\u00e9tico  Dise\u00f1o acolchado  Zapatilla inspirada en los dise\u00f1os retro de running  Mediasuela con amortiguaci\u00f3n para una pisada m\u00e1s c\u00f3moda  Suela de goma  Color del art\u00edculo: Royal Blue \/ True Orange \/ Crew Navy  N\u00famero de art\u00edculo: FY9226                                                                                                                                                                                                                                                                                                                                                                                                                                                                                                                                                                                                                                                                                                                                                                                                                                                                                                                                                                                                                                        <\/p>\n","protected":false},"excerpt":{"rendered":"<p>ZAPATILLA VS SWITCH<\/p>\n","protected":false},"featured_media":50208,"template":"","meta":[],"product_brand":[],"product_cat":[237],"product_tag":[18],"class_list":{"0":"post-35480","1":"product","2":"type-product","3":"status-publish","4":"has-post-thumbnail","6":"product_cat-outlet_calzado","7":"product_tag-adidas","8":"pa_color-unico","9":"pa_talla-113","10":"thunk-woo-product-list","11":"opn-qv-enable","12":"open-woo-hover-","13":"open-single-product-tab-horizontal","14":"open-shadow-","15":"open-shadow-hover-","17":"first","18":"instock","19":"shipping-taxable","20":"purchasable","21":"product-type-variable"},"jetpack_sharing_enabled":true,"_links":{"self":[{"href":"https:\/\/www.deporteseli.com\/index.php?rest_route=\/wp\/v2\/product\/35480","targetHints":{"allow":["GET"]}}],"collection":[{"href":"https:\/\/www.deporteseli.com\/index.php?rest_route=\/wp\/v2\/product"}],"about":[{"href":"https:\/\/www.deporteseli.com\/index.php?rest_route=\/wp\/v2\/types\/product"}],"wp:featuredmedia":[{"embeddable":true,"href":"https:\/\/www.deporteseli.com\/index.php?rest_route=\/wp\/v2\/media\/50208"}],"wp:attachment":[{"href":"https:\/\/www.deporteseli.com\/index.php?rest_route=%2Fwp%2Fv2%2Fmedia&parent=35480"}],"wp:term":[{"taxonomy":"product_brand","embeddable":true,"href":"https:\/\/www.deporteseli.com\/index.php?rest_route=%2Fwp%2Fv2%2Fproduct_brand&post=35480"},{"taxonomy":"product_cat","embeddable":true,"href":"https:\/\/www.deporteseli.com\/index.php?rest_route=%2Fwp%2Fv2%2Fproduct_cat&post=35480"},{"taxonomy":"product_tag","embeddable":true,"href":"https:\/\/www.deporteseli.com\/index.php?rest_route=%2Fwp%2Fv2%2Fproduct_tag&post=35480"}],"curies":[{"name":"wp","href":"https:\/\/api.w.org\/{rel}","templated":true}]}}