{"id":35471,"date":"2026-01-27T16:49:55","date_gmt":"2026-01-27T16:49:55","guid":{"rendered":"https:\/\/www.deporteseli.com\/?product=camisa-ellesse-alberta-blue-21"},"modified":"2026-01-27T16:49:57","modified_gmt":"2026-01-27T16:49:57","slug":"camisa-ellesse-alberta-blue-21","status":"publish","type":"product","link":"https:\/\/www.deporteseli.com\/?product=camisa-ellesse-alberta-blue-21","title":{"rendered":"CAMISA ELLESSE ALBERTA BLUE\/21"},"content":{"rendered":"<p>Alberta Cropped Tee  Art\u00edculo n\u00ba: SGE04484  Camiseta cropped de manga corta. Una pieza de verano b\u00e1sica para el uso diario.    COMPOSICI\u00d3N   100% Algod\u00f3n  LAVADO   Leer la etiqueta de producto.                                                                                                                                                                                                                                                                                                                                                                                                                                                                                                                                                                                                                                                                                                                                                                                                                                                                                                                                                                                                                                        <\/p>\n","protected":false},"excerpt":{"rendered":"<p>CAMISA ELLESSE ALBERTA BLUE\/21<\/p>\n","protected":false},"featured_media":50200,"template":"","meta":[],"product_brand":[],"product_cat":[269],"product_tag":[52],"class_list":{"0":"post-35471","1":"product","2":"type-product","3":"status-publish","4":"has-post-thumbnail","6":"product_cat-mujer_textil_camisetas","7":"product_tag-ellesse","8":"pa_color-unico","9":"pa_talla-m","10":"pa_talla-s","11":"thunk-woo-product-list","12":"opn-qv-enable","13":"open-woo-hover-","14":"open-single-product-tab-horizontal","15":"open-shadow-","16":"open-shadow-hover-","18":"first","19":"instock","20":"shipping-taxable","21":"purchasable","22":"product-type-variable"},"jetpack_sharing_enabled":true,"_links":{"self":[{"href":"https:\/\/www.deporteseli.com\/index.php?rest_route=\/wp\/v2\/product\/35471","targetHints":{"allow":["GET"]}}],"collection":[{"href":"https:\/\/www.deporteseli.com\/index.php?rest_route=\/wp\/v2\/product"}],"about":[{"href":"https:\/\/www.deporteseli.com\/index.php?rest_route=\/wp\/v2\/types\/product"}],"wp:featuredmedia":[{"embeddable":true,"href":"https:\/\/www.deporteseli.com\/index.php?rest_route=\/wp\/v2\/media\/50200"}],"wp:attachment":[{"href":"https:\/\/www.deporteseli.com\/index.php?rest_route=%2Fwp%2Fv2%2Fmedia&parent=35471"}],"wp:term":[{"taxonomy":"product_brand","embeddable":true,"href":"https:\/\/www.deporteseli.com\/index.php?rest_route=%2Fwp%2Fv2%2Fproduct_brand&post=35471"},{"taxonomy":"product_cat","embeddable":true,"href":"https:\/\/www.deporteseli.com\/index.php?rest_route=%2Fwp%2Fv2%2Fproduct_cat&post=35471"},{"taxonomy":"product_tag","embeddable":true,"href":"https:\/\/www.deporteseli.com\/index.php?rest_route=%2Fwp%2Fv2%2Fproduct_tag&post=35471"}],"curies":[{"name":"wp","href":"https:\/\/api.w.org\/{rel}","templated":true}]}}