{"id":35396,"date":"2026-01-27T16:48:18","date_gmt":"2026-01-27T16:48:18","guid":{"rendered":"https:\/\/www.deporteseli.com\/?product=bolsa-de-3-pelotas-head-tip-rojas"},"modified":"2026-04-21T04:17:26","modified_gmt":"2026-04-21T04:17:26","slug":"bolsa-de-3-pelotas-head-tip-rojas","status":"publish","type":"product","link":"https:\/\/www.deporteseli.com\/?product=bolsa-de-3-pelotas-head-tip-rojas","title":{"rendered":"BOLSA DE 3 PELOTAS HEAD TIP ROJAS"},"content":{"rendered":"<p>BOLSA DE 3 BALLES HEAD T.I.P ROJAS    Balles T.I.P. Rojas para disfrutar sobre la cancha   &#8211; 75 % m\u00e1s lente  &#8211; Conviene a los partipiantes de 5 a 8 a\u00f1os   &#8211; Pelota claramente m\u00e1s grande y m\u00e1s flexible para un mejor control  &#8211; Pelota bicolor para ser vista m\u00e1s facilmente y m\u00e1s f\u00e1cil a golpear.                                                                                                                                                                                                                                                                                                                                                                                                                                                                                                                                                                                                                                                                                                                                                                                                                                                                                                                                                                                                                                        <\/p>\n","protected":false},"excerpt":{"rendered":"<p>BOLSA DE 3 PELOTAS HEAD TIP ROJAS<\/p>\n","protected":false},"featured_media":50146,"template":"","meta":[],"product_brand":[],"product_cat":[348],"product_tag":[22],"class_list":{"0":"post-35396","1":"product","2":"type-product","3":"status-publish","4":"has-post-thumbnail","6":"product_cat-deportes_tenis","7":"product_tag-head","8":"pa_color-unico","9":"pa_talla-unica","10":"thunk-woo-product-list","11":"opn-qv-enable","12":"open-woo-hover-","13":"open-single-product-tab-horizontal","14":"open-shadow-","15":"open-shadow-hover-","17":"first","18":"instock","19":"shipping-taxable","20":"purchasable","21":"product-type-variable"},"jetpack_sharing_enabled":true,"_links":{"self":[{"href":"https:\/\/www.deporteseli.com\/index.php?rest_route=\/wp\/v2\/product\/35396","targetHints":{"allow":["GET"]}}],"collection":[{"href":"https:\/\/www.deporteseli.com\/index.php?rest_route=\/wp\/v2\/product"}],"about":[{"href":"https:\/\/www.deporteseli.com\/index.php?rest_route=\/wp\/v2\/types\/product"}],"wp:featuredmedia":[{"embeddable":true,"href":"https:\/\/www.deporteseli.com\/index.php?rest_route=\/wp\/v2\/media\/50146"}],"wp:attachment":[{"href":"https:\/\/www.deporteseli.com\/index.php?rest_route=%2Fwp%2Fv2%2Fmedia&parent=35396"}],"wp:term":[{"taxonomy":"product_brand","embeddable":true,"href":"https:\/\/www.deporteseli.com\/index.php?rest_route=%2Fwp%2Fv2%2Fproduct_brand&post=35396"},{"taxonomy":"product_cat","embeddable":true,"href":"https:\/\/www.deporteseli.com\/index.php?rest_route=%2Fwp%2Fv2%2Fproduct_cat&post=35396"},{"taxonomy":"product_tag","embeddable":true,"href":"https:\/\/www.deporteseli.com\/index.php?rest_route=%2Fwp%2Fv2%2Fproduct_tag&post=35396"}],"curies":[{"name":"wp","href":"https:\/\/api.w.org\/{rel}","templated":true}]}}