{"id":35382,"date":"2026-01-27T16:48:01","date_gmt":"2026-01-27T16:48:01","guid":{"rendered":"https:\/\/www.deporteseli.com\/?product=mallas-7-8-designed-to-move-sport-premama"},"modified":"2026-01-27T16:48:03","modified_gmt":"2026-01-27T16:48:03","slug":"mallas-7-8-designed-to-move-sport-premama","status":"publish","type":"product","link":"https:\/\/www.deporteseli.com\/?product=mallas-7-8-designed-to-move-sport-premama","title":{"rendered":"MALLAS 7\/8 DESIGNED TO MOVE SPORT (PREMAM\u00e1)"},"content":{"rendered":"<p>MANTENTE ACTIVA Y C\u00d3MODA DURANTE EL EMBARAZO  Estas mallas premam\u00e1 de adidas combinan sujeci\u00f3n y ligereza para ofrecerte un confort total. Presentan una cintura el\u00e1stica de talle alto y un corte especialmente pensado para que te muevas con total libertad si sales a correr, practicas tus posturas de yoga o completas un circuito en el gimnasio. Lucen un dise\u00f1o minimalista confeccionado en tejido transpirable AEROREADY que mantiene la piel fresca y seca.    Este producto se ha fabricado con Primegreen, una combinaci\u00f3n de materiales reciclados de alto rendimiento.  DETALLES  Corte premam\u00e1  Cintura el\u00e1stica de talle alto  Interlock 89% poli\u00e9ster reciclado \/ 11% elast\u00e1n  Tejido ligero y transpirable  Dise\u00f1o transpirable  Primegreen  Color del art\u00edculo: Black \/ White  N\u00famero de art\u00edculo: GL3961                                                                                                                                                                                                                                                                                                                                                                                                                                                                                                                                                                                                                                                                                                                                                                                                                                                                                                                                                                                                                                        <\/p>\n","protected":false},"excerpt":{"rendered":"<p>MALLAS 7\/8 DESIGNED TO MOVE SPORT (PREMAM\u00e1)<\/p>\n","protected":false},"featured_media":50129,"template":"","meta":[],"product_brand":[],"product_cat":[281],"product_tag":[18],"class_list":{"0":"post-35382","1":"product","2":"type-product","3":"status-publish","4":"has-post-thumbnail","6":"product_cat-mujer_textil_mallas","7":"product_tag-adidas","8":"pa_color-unico","9":"pa_talla-l","10":"thunk-woo-product-list","11":"opn-qv-enable","12":"open-woo-hover-","13":"open-single-product-tab-horizontal","14":"open-shadow-","15":"open-shadow-hover-","17":"first","18":"instock","19":"shipping-taxable","20":"purchasable","21":"product-type-variable"},"jetpack_sharing_enabled":true,"_links":{"self":[{"href":"https:\/\/www.deporteseli.com\/index.php?rest_route=\/wp\/v2\/product\/35382","targetHints":{"allow":["GET"]}}],"collection":[{"href":"https:\/\/www.deporteseli.com\/index.php?rest_route=\/wp\/v2\/product"}],"about":[{"href":"https:\/\/www.deporteseli.com\/index.php?rest_route=\/wp\/v2\/types\/product"}],"wp:featuredmedia":[{"embeddable":true,"href":"https:\/\/www.deporteseli.com\/index.php?rest_route=\/wp\/v2\/media\/50129"}],"wp:attachment":[{"href":"https:\/\/www.deporteseli.com\/index.php?rest_route=%2Fwp%2Fv2%2Fmedia&parent=35382"}],"wp:term":[{"taxonomy":"product_brand","embeddable":true,"href":"https:\/\/www.deporteseli.com\/index.php?rest_route=%2Fwp%2Fv2%2Fproduct_brand&post=35382"},{"taxonomy":"product_cat","embeddable":true,"href":"https:\/\/www.deporteseli.com\/index.php?rest_route=%2Fwp%2Fv2%2Fproduct_cat&post=35382"},{"taxonomy":"product_tag","embeddable":true,"href":"https:\/\/www.deporteseli.com\/index.php?rest_route=%2Fwp%2Fv2%2Fproduct_tag&post=35382"}],"curies":[{"name":"wp","href":"https:\/\/api.w.org\/{rel}","templated":true}]}}