{"id":35321,"date":"2026-01-27T16:46:43","date_gmt":"2026-01-27T16:46:43","guid":{"rendered":"https:\/\/www.deporteseli.com\/?product=rinonera-training-essentials"},"modified":"2026-01-27T16:46:44","modified_gmt":"2026-01-27T16:46:44","slug":"rinonera-training-essentials","status":"publish","type":"product","link":"https:\/\/www.deporteseli.com\/?product=rinonera-training-essentials","title":{"rendered":"RI\u00f1ONERA TRAINING ESSENTIALS"},"content":{"rendered":"<p>UNA RI\u00d1ONERA PARA TUS ESCAPADAS DIARIAS POR LA CIUDAD O AL GYM.  Lleva encima todo lo que necesites. Esta ri\u00f1onera tiene la medida perfecta para llevar tus cosas m\u00e1s esenciales como el m\u00f3vil, la cartera y las llaves de forma segura.  DETALLES  100 % poli\u00e9ster.  Dimensiones: 4 cm x 26 cm x 13 cm.  Compartimento principal con cremallera.  Correa ajustable.  Color del art\u00edculo: Radiant Aqua  N\u00famero de art\u00edculo: GN8142                                                                                                                                                                                                                                                                                                                                                                                                                                                                                                                                                                                                                                                                                                                                                                                                                                                                                                                                                                                                                                        <\/p>\n","protected":false},"excerpt":{"rendered":"<p>RI\u00f1ONERA TRAINING ESSENTIALS<\/p>\n","protected":false},"featured_media":50053,"template":"","meta":[],"product_brand":[],"product_cat":[242],"product_tag":[],"class_list":{"0":"post-35321","1":"product","2":"type-product","3":"status-publish","4":"has-post-thumbnail","6":"product_cat-unisex_accesorios","7":"pa_color-unico","8":"pa_talla-unica","9":"thunk-woo-product-list","10":"opn-qv-enable","11":"open-woo-hover-","12":"open-single-product-tab-horizontal","13":"open-shadow-","14":"open-shadow-hover-","16":"first","17":"instock","18":"shipping-taxable","19":"purchasable","20":"product-type-variable"},"jetpack_sharing_enabled":true,"_links":{"self":[{"href":"https:\/\/www.deporteseli.com\/index.php?rest_route=\/wp\/v2\/product\/35321","targetHints":{"allow":["GET"]}}],"collection":[{"href":"https:\/\/www.deporteseli.com\/index.php?rest_route=\/wp\/v2\/product"}],"about":[{"href":"https:\/\/www.deporteseli.com\/index.php?rest_route=\/wp\/v2\/types\/product"}],"wp:featuredmedia":[{"embeddable":true,"href":"https:\/\/www.deporteseli.com\/index.php?rest_route=\/wp\/v2\/media\/50053"}],"wp:attachment":[{"href":"https:\/\/www.deporteseli.com\/index.php?rest_route=%2Fwp%2Fv2%2Fmedia&parent=35321"}],"wp:term":[{"taxonomy":"product_brand","embeddable":true,"href":"https:\/\/www.deporteseli.com\/index.php?rest_route=%2Fwp%2Fv2%2Fproduct_brand&post=35321"},{"taxonomy":"product_cat","embeddable":true,"href":"https:\/\/www.deporteseli.com\/index.php?rest_route=%2Fwp%2Fv2%2Fproduct_cat&post=35321"},{"taxonomy":"product_tag","embeddable":true,"href":"https:\/\/www.deporteseli.com\/index.php?rest_route=%2Fwp%2Fv2%2Fproduct_tag&post=35321"}],"curies":[{"name":"wp","href":"https:\/\/api.w.org\/{rel}","templated":true}]}}