{"id":35290,"date":"2026-01-27T16:46:07","date_gmt":"2026-01-27T16:46:07","guid":{"rendered":"https:\/\/www.deporteseli.com\/?product=gel-excite-8"},"modified":"2026-03-17T05:17:57","modified_gmt":"2026-03-17T05:17:57","slug":"gel-excite-8","status":"publish","type":"product","link":"https:\/\/www.deporteseli.com\/?product=gel-excite-8","title":{"rendered":"GEL-EXCITE 8"},"content":{"rendered":"<p>La zapatilla para correr GEL-EXCITE \u2122 8 est\u00e1 dise\u00f1ada para brindar una comodidad inigualable en cualquier situaci\u00f3n, ya sea en una carrera de cinco millas o cuando corras por negocios en la ciudad. La nueva silueta y la parte superior de malla funcional crean un look moderno y de ritmo r\u00e1pido.      Una nueva horma y un tal\u00f3n moldeado mantienen el pie centrado en la plataforma para un ajuste a\u00fan mejor que los modelos anteriores de la serie. La parte superior resistente se complementa con superposiciones sin costuras para mayor soporte y reducci\u00f3n de peso general. El uso de menos recursos en el te\u00f1ido de la plantilla hace que la producci\u00f3n de estos zapatos sea m\u00e1s sostenible.      Este zapato ofrece una mayor comodidad con la amortiguaci\u00f3n GEL \u2122 en la parte trasera del zapato, una nueva entresuela AMPLIFOAM \u2122 y una plantilla ORTHOLITE \u2122 para un pie agradablemente acolchado. La tecnolog\u00eda GUIDANCE LINE \u2122 promueve un movimiento m\u00e1s natural y uniforme.      Finalmente, una suela de goma moldeada mejora la durabilidad, mientras que las ranuras flexibles colocadas inteligentemente brindan m\u00e1s flexibilidad al correr o a diario.       Caracter\u00edsticas del modelo:   &#8211; Amortiguaci\u00f3n AMPLIFOAM \u2122   &#8211; Amortiguaci\u00f3n GEL \u2122   &#8211; La plantilla ORTHOLITE \u2122 proporciona una comodidad superior   &#8211; Las superposiciones sin costuras mejoran el soporte   &#8211; Tecnolog\u00eda GUIDANCE LINE \u2122 para una carrera m\u00e1s suave                                                                                                                                                                                                                                                                                                                                                                                                                                                                                                                                                                                                                                                                                                                                                                                                                                                                                                                                                                                                                                        <\/p>\n","protected":false},"excerpt":{"rendered":"<p>GEL-EXCITE 8<\/p>\n","protected":false},"featured_media":50017,"template":"","meta":[],"product_brand":[],"product_cat":[285],"product_tag":[19],"class_list":{"0":"post-35290","1":"product","2":"type-product","3":"status-publish","4":"has-post-thumbnail","6":"product_cat-mujer_calzado_running","7":"product_tag-asics","8":"pa_color-unico","9":"pa_talla-143","10":"thunk-woo-product-list","11":"opn-qv-enable","12":"open-woo-hover-","13":"open-single-product-tab-horizontal","14":"open-shadow-","15":"open-shadow-hover-","17":"first","18":"instock","19":"sale","20":"shipping-taxable","21":"purchasable","22":"product-type-variable"},"jetpack_sharing_enabled":true,"_links":{"self":[{"href":"https:\/\/www.deporteseli.com\/index.php?rest_route=\/wp\/v2\/product\/35290","targetHints":{"allow":["GET"]}}],"collection":[{"href":"https:\/\/www.deporteseli.com\/index.php?rest_route=\/wp\/v2\/product"}],"about":[{"href":"https:\/\/www.deporteseli.com\/index.php?rest_route=\/wp\/v2\/types\/product"}],"wp:featuredmedia":[{"embeddable":true,"href":"https:\/\/www.deporteseli.com\/index.php?rest_route=\/wp\/v2\/media\/50017"}],"wp:attachment":[{"href":"https:\/\/www.deporteseli.com\/index.php?rest_route=%2Fwp%2Fv2%2Fmedia&parent=35290"}],"wp:term":[{"taxonomy":"product_brand","embeddable":true,"href":"https:\/\/www.deporteseli.com\/index.php?rest_route=%2Fwp%2Fv2%2Fproduct_brand&post=35290"},{"taxonomy":"product_cat","embeddable":true,"href":"https:\/\/www.deporteseli.com\/index.php?rest_route=%2Fwp%2Fv2%2Fproduct_cat&post=35290"},{"taxonomy":"product_tag","embeddable":true,"href":"https:\/\/www.deporteseli.com\/index.php?rest_route=%2Fwp%2Fv2%2Fproduct_tag&post=35290"}],"curies":[{"name":"wp","href":"https:\/\/api.w.org\/{rel}","templated":true}]}}