{"id":35267,"date":"2026-01-27T16:45:42","date_gmt":"2026-01-27T16:45:42","guid":{"rendered":"https:\/\/www.deporteseli.com\/?product=mascarilla-talla-xs-s-pack-de-3-2"},"modified":"2026-01-27T16:45:43","modified_gmt":"2026-01-27T16:45:43","slug":"mascarilla-talla-xs-s-pack-de-3-2","status":"publish","type":"product","link":"https:\/\/www.deporteseli.com\/?product=mascarilla-talla-xs-s-pack-de-3-2","title":{"rendered":"MASCARILLA TALLA XS\/S (PACK DE 3)"},"content":{"rendered":"<p>C\u00d3MODA. LAVABLE. REUTILIZABLE.  Confeccionada en tejido suave y transpirable, esta mascarilla adidas presenta un dise\u00f1o c\u00f3modo, lavable y reutilizable que permite practicar h\u00e1bitos saludables d\u00eda tras d\u00eda. Este producto no se considera una mascarilla quir\u00fargica ni un equipo de protecci\u00f3n individual, pero puede ayudar a evitar la transmisi\u00f3n de virus y g\u00e9rmenes a trav\u00e9s de got\u00edculas. Estas mascarillas higi\u00e9nicas no se han sometido a ensayos m\u00e9dicos, sino que son un complemento a las medidas de distanciamiento f\u00edsico e higiene recomendadas por el Ministerio de Sanidad en el contexto de la pandemia de la COVID-19, y est\u00e1n dise\u00f1adas para ayudar a prevenir la propagaci\u00f3n de virus y g\u00e9rmenes y ayudar a proteger a aquellos que te rodean.   DETALLES  Dimensiones: 13,80 cm x 15,50 cm  93% poli\u00e9ster reciclado \/ 7% elast\u00e1n  Dise\u00f1o ajustado para una mayor cobertura  Tiras el\u00e1sticas para ajustar c\u00f3modamente a las orejas  Dos capas de tejido  Dise\u00f1o suave y transpirable  Tejido lavable para uso diario  Color del art\u00edculo: Power Red \/ Power Red \/ Power Red  N\u00famero de art\u00edculo: H18815                                                                                                                                                                                                                                                                                                                                                                                                                                                                                                                                                                                                                                                                                                                                                                                                                                                                                                                                                                                                                                        <\/p>\n","protected":false},"excerpt":{"rendered":"<p>MASCARILLA TALLA XS\/S (PACK DE 3)<\/p>\n","protected":false},"featured_media":49997,"template":"","meta":[],"product_brand":[],"product_cat":[242],"product_tag":[18],"class_list":{"0":"post-35267","1":"product","2":"type-product","3":"status-publish","4":"has-post-thumbnail","6":"product_cat-unisex_accesorios","7":"product_tag-adidas","8":"pa_color-unico","9":"pa_talla-unica","10":"thunk-woo-product-list","11":"opn-qv-enable","12":"open-woo-hover-","13":"open-single-product-tab-horizontal","14":"open-shadow-","15":"open-shadow-hover-","17":"first","18":"instock","19":"shipping-taxable","20":"purchasable","21":"product-type-variable"},"jetpack_sharing_enabled":true,"_links":{"self":[{"href":"https:\/\/www.deporteseli.com\/index.php?rest_route=\/wp\/v2\/product\/35267","targetHints":{"allow":["GET"]}}],"collection":[{"href":"https:\/\/www.deporteseli.com\/index.php?rest_route=\/wp\/v2\/product"}],"about":[{"href":"https:\/\/www.deporteseli.com\/index.php?rest_route=\/wp\/v2\/types\/product"}],"wp:featuredmedia":[{"embeddable":true,"href":"https:\/\/www.deporteseli.com\/index.php?rest_route=\/wp\/v2\/media\/49997"}],"wp:attachment":[{"href":"https:\/\/www.deporteseli.com\/index.php?rest_route=%2Fwp%2Fv2%2Fmedia&parent=35267"}],"wp:term":[{"taxonomy":"product_brand","embeddable":true,"href":"https:\/\/www.deporteseli.com\/index.php?rest_route=%2Fwp%2Fv2%2Fproduct_brand&post=35267"},{"taxonomy":"product_cat","embeddable":true,"href":"https:\/\/www.deporteseli.com\/index.php?rest_route=%2Fwp%2Fv2%2Fproduct_cat&post=35267"},{"taxonomy":"product_tag","embeddable":true,"href":"https:\/\/www.deporteseli.com\/index.php?rest_route=%2Fwp%2Fv2%2Fproduct_tag&post=35267"}],"curies":[{"name":"wp","href":"https:\/\/api.w.org\/{rel}","templated":true}]}}