{"id":35224,"date":"2026-01-27T16:44:52","date_gmt":"2026-01-27T16:44:52","guid":{"rendered":"https:\/\/www.deporteseli.com\/?product=wilson-bela-small-duffle"},"modified":"2026-01-27T16:44:54","modified_gmt":"2026-01-27T16:44:54","slug":"wilson-bela-small-duffle","status":"publish","type":"product","link":"https:\/\/www.deporteseli.com\/?product=wilson-bela-small-duffle","title":{"rendered":"WILSON BELA SMALL DUFFLE"},"content":{"rendered":"<p>Miembro de la colecci\u00f3n de debut de Wilson x Bela, el Bela Small Duffel es una opci\u00f3n confiable para los jugadores de p\u00e1del que buscan un bolso elegante y conveniente. Duffel contiene dos compartimentos principales  El compartimento principal alberga dos paletas con espacio para equipo adicional, mientras que el compartimento lateral m\u00e1s peque\u00f1o es perfecto para efectos personales. Inspirado en un rendimiento legendario, este bolso hace una declaraci\u00f3n visual e impresiona por su durabilidad a largo plazo.  Caracteristicas:    Gran compartimento para ropa y calzado de tenis  Bolsillo lateral para art\u00edculos m\u00e1s peque\u00f1os y efectos personales.  Logotipo de Wilson x Bela en cada lado  Asa de transporte acolchada  Pies de pl\u00e1stico en la parte inferior para evitar el desgaste y los ara\u00f1azos.      Especificaciones:    Tejido del cuerpo principal 100% poli\u00e9ster                                                                                                                                                                                                                                                                                                                                                                                                                                                                                                                                                                                                                                                                                                                                                                                                                                                                                                                                                                                                                                        <\/p>\n","protected":false},"excerpt":{"rendered":"<p>WILSON BELA SMALL DUFFLE<\/p>\n","protected":false},"featured_media":49962,"template":"","meta":[],"product_brand":[],"product_cat":[355],"product_tag":[57],"class_list":{"0":"post-35224","1":"product","2":"type-product","3":"status-publish","4":"has-post-thumbnail","6":"product_cat-padel_y_tenis_mochilas","7":"product_tag-wilson","8":"pa_color-unico","9":"pa_talla-unica","10":"thunk-woo-product-list","11":"opn-qv-enable","12":"open-woo-hover-","13":"open-single-product-tab-horizontal","14":"open-shadow-","15":"open-shadow-hover-","17":"first","18":"instock","19":"sale","20":"shipping-taxable","21":"purchasable","22":"product-type-variable"},"jetpack_sharing_enabled":true,"_links":{"self":[{"href":"https:\/\/www.deporteseli.com\/index.php?rest_route=\/wp\/v2\/product\/35224","targetHints":{"allow":["GET"]}}],"collection":[{"href":"https:\/\/www.deporteseli.com\/index.php?rest_route=\/wp\/v2\/product"}],"about":[{"href":"https:\/\/www.deporteseli.com\/index.php?rest_route=\/wp\/v2\/types\/product"}],"wp:featuredmedia":[{"embeddable":true,"href":"https:\/\/www.deporteseli.com\/index.php?rest_route=\/wp\/v2\/media\/49962"}],"wp:attachment":[{"href":"https:\/\/www.deporteseli.com\/index.php?rest_route=%2Fwp%2Fv2%2Fmedia&parent=35224"}],"wp:term":[{"taxonomy":"product_brand","embeddable":true,"href":"https:\/\/www.deporteseli.com\/index.php?rest_route=%2Fwp%2Fv2%2Fproduct_brand&post=35224"},{"taxonomy":"product_cat","embeddable":true,"href":"https:\/\/www.deporteseli.com\/index.php?rest_route=%2Fwp%2Fv2%2Fproduct_cat&post=35224"},{"taxonomy":"product_tag","embeddable":true,"href":"https:\/\/www.deporteseli.com\/index.php?rest_route=%2Fwp%2Fv2%2Fproduct_tag&post=35224"}],"curies":[{"name":"wp","href":"https:\/\/api.w.org\/{rel}","templated":true}]}}