{"id":35210,"date":"2026-01-27T16:44:24","date_gmt":"2026-01-27T16:44:24","guid":{"rendered":"https:\/\/www.deporteseli.com\/?product=adidas-u-4-u"},"modified":"2026-01-27T16:44:32","modified_gmt":"2026-01-27T16:44:32","slug":"adidas-u-4-u","status":"publish","type":"product","link":"https:\/\/www.deporteseli.com\/?product=adidas-u-4-u","title":{"rendered":"ADIDAS U-4-U"},"content":{"rendered":"<p>Ropa Mujer Camisetas Adidas U-4-u XXS. Longitud cremallera: Sin cremallera, Tipo de manga: Manga larga, Color: Blanco, Edad: Adulto, Camiseta de manga larga U4U.Necesita cobertura adicional para combatir el fr\u00edo cuando la brisa c\u00e1lida se convierte en un viento fr\u00edo. &#8211; Esta vers\u00e1til camiseta de manga larga puede ayudarte a manejar lo que sea que te depare el d\u00eda. &#8211; Se coloca f\u00e1cilmente debajo de su camiseta o sudadera con capucha favorita, y la adidas Badge of Sport tiene un estilo streetwear que combina bien con medias o denim. &#8211; CARACTERISTICAS:Ranuras laterales. &#8211; Gran impresi\u00f3n met\u00e1lica adidas Badge of Sport. &#8211; Cuello redondo acanalado. &#8211; Jersey sencillo 100% algod\u00f3n. &#8211; Sensaci\u00f3n suave &#8211; Camiseta de manga larga en capas. &#8211; Pu\u00f1os acanalados. &#8211; Composici\u00f3n del material: 100% algod\u00f3n.                                                                                                                                                                                                                                                                                                                                                                                                                                                                                                                                                                                                                                                                                                                                                                                                                                                                                                                                                                                                                                        <\/p>\n","protected":false},"excerpt":{"rendered":"<p>ADIDAS U-4-U<\/p>\n","protected":false},"featured_media":49954,"template":"","meta":[],"product_brand":[],"product_cat":[269],"product_tag":[18],"class_list":{"0":"post-35210","1":"product","2":"type-product","3":"status-publish","4":"has-post-thumbnail","6":"product_cat-mujer_textil_camisetas","7":"product_tag-adidas","8":"pa_color-unico","9":"pa_talla-l","10":"pa_talla-m","11":"pa_talla-s","12":"pa_talla-xs","13":"thunk-woo-product-list","14":"opn-qv-enable","15":"open-woo-hover-","16":"open-single-product-tab-horizontal","17":"open-shadow-","18":"open-shadow-hover-","20":"first","21":"instock","22":"shipping-taxable","23":"purchasable","24":"product-type-variable"},"jetpack_sharing_enabled":true,"_links":{"self":[{"href":"https:\/\/www.deporteseli.com\/index.php?rest_route=\/wp\/v2\/product\/35210","targetHints":{"allow":["GET"]}}],"collection":[{"href":"https:\/\/www.deporteseli.com\/index.php?rest_route=\/wp\/v2\/product"}],"about":[{"href":"https:\/\/www.deporteseli.com\/index.php?rest_route=\/wp\/v2\/types\/product"}],"wp:featuredmedia":[{"embeddable":true,"href":"https:\/\/www.deporteseli.com\/index.php?rest_route=\/wp\/v2\/media\/49954"}],"wp:attachment":[{"href":"https:\/\/www.deporteseli.com\/index.php?rest_route=%2Fwp%2Fv2%2Fmedia&parent=35210"}],"wp:term":[{"taxonomy":"product_brand","embeddable":true,"href":"https:\/\/www.deporteseli.com\/index.php?rest_route=%2Fwp%2Fv2%2Fproduct_brand&post=35210"},{"taxonomy":"product_cat","embeddable":true,"href":"https:\/\/www.deporteseli.com\/index.php?rest_route=%2Fwp%2Fv2%2Fproduct_cat&post=35210"},{"taxonomy":"product_tag","embeddable":true,"href":"https:\/\/www.deporteseli.com\/index.php?rest_route=%2Fwp%2Fv2%2Fproduct_tag&post=35210"}],"curies":[{"name":"wp","href":"https:\/\/api.w.org\/{rel}","templated":true}]}}