{"id":35196,"date":"2026-01-27T16:44:04","date_gmt":"2026-01-27T16:44:04","guid":{"rendered":"https:\/\/www.deporteseli.com\/?product=chandal-hooded-cotton"},"modified":"2026-01-27T16:44:06","modified_gmt":"2026-01-27T16:44:06","slug":"chandal-hooded-cotton","status":"publish","type":"product","link":"https:\/\/www.deporteseli.com\/?product=chandal-hooded-cotton","title":{"rendered":"CH\u00e1NDAL HOODED COTTON"},"content":{"rendered":"<p>LA COMODIDAD QUE SE SIENTE  Este ch\u00e1ndal para j\u00f3venes deportistas es comod\u00edsimo. Pero no te acomodes. Porque habr\u00e1 que entrenar, \u00bfno? En el t\u00e9rmino medio est\u00e1 la virtud. Los pu\u00f1os y el dobladillo de canal\u00e9 te proporcionan un ajuste a medida. El tejido de algod\u00f3n es muy suave al tacto. No querr\u00e1s quit\u00e1rtelo ni para dormir.  DETALLES  Chaqueta con capucha de corte entallado y pantal\u00f3n de corte cl\u00e1sico con perneras ajustadas  Chaqueta con cierre de cremallera y capucha  Ch\u00e1ndal con capucha  Chaqueta con bolsillos tipo canguro  Chaqueta con pu\u00f1os y dobladillo de canal\u00e9  Pantal\u00f3n con bolsillos en las costuras laterales  Pantal\u00f3n con cintura el\u00e1stica con cord\u00f3n y pu\u00f1os de canal\u00e9  Color del art\u00edculo: Noble Purple \/ Haze Coral \/ White  N\u00famero de art\u00edculo: GK3238                                                                                                                                                                                                                                                                                                                                                                                                                                                                                                                                                                                                                                                                                                                                                                                                                                                                                                                                                                                                                                        <\/p>\n","protected":false},"excerpt":{"rendered":"<p>CH\u00e1NDAL HOODED COTTON<\/p>\n","protected":false},"featured_media":49942,"template":"","meta":[],"product_brand":[],"product_cat":[380],"product_tag":[18],"class_list":{"0":"post-35196","1":"product","2":"type-product","3":"status-publish","4":"has-post-thumbnail","6":"product_cat-ninas_textil_chandals","7":"product_tag-adidas","8":"pa_color-unico","9":"pa_talla-t-12","10":"thunk-woo-product-list","11":"opn-qv-enable","12":"open-woo-hover-","13":"open-single-product-tab-horizontal","14":"open-shadow-","15":"open-shadow-hover-","17":"first","18":"instock","19":"shipping-taxable","20":"purchasable","21":"product-type-variable"},"jetpack_sharing_enabled":true,"_links":{"self":[{"href":"https:\/\/www.deporteseli.com\/index.php?rest_route=\/wp\/v2\/product\/35196","targetHints":{"allow":["GET"]}}],"collection":[{"href":"https:\/\/www.deporteseli.com\/index.php?rest_route=\/wp\/v2\/product"}],"about":[{"href":"https:\/\/www.deporteseli.com\/index.php?rest_route=\/wp\/v2\/types\/product"}],"wp:featuredmedia":[{"embeddable":true,"href":"https:\/\/www.deporteseli.com\/index.php?rest_route=\/wp\/v2\/media\/49942"}],"wp:attachment":[{"href":"https:\/\/www.deporteseli.com\/index.php?rest_route=%2Fwp%2Fv2%2Fmedia&parent=35196"}],"wp:term":[{"taxonomy":"product_brand","embeddable":true,"href":"https:\/\/www.deporteseli.com\/index.php?rest_route=%2Fwp%2Fv2%2Fproduct_brand&post=35196"},{"taxonomy":"product_cat","embeddable":true,"href":"https:\/\/www.deporteseli.com\/index.php?rest_route=%2Fwp%2Fv2%2Fproduct_cat&post=35196"},{"taxonomy":"product_tag","embeddable":true,"href":"https:\/\/www.deporteseli.com\/index.php?rest_route=%2Fwp%2Fv2%2Fproduct_tag&post=35196"}],"curies":[{"name":"wp","href":"https:\/\/api.w.org\/{rel}","templated":true}]}}