{"id":35146,"date":"2026-01-27T16:42:52","date_gmt":"2026-01-27T16:42:52","guid":{"rendered":"https:\/\/www.deporteseli.com\/?product=reebok-royal-complete-cln-2-2"},"modified":"2026-02-18T18:19:33","modified_gmt":"2026-02-18T18:19:33","slug":"reebok-royal-complete-cln-2-2","status":"publish","type":"product","link":"https:\/\/www.deporteseli.com\/?product=reebok-royal-complete-cln-2-2","title":{"rendered":"REEBOK ROYAL COMPLETE CLN 2"},"content":{"rendered":"<p>UNA ZAPATILLA INSPIRADA EN EL TENIS PARA SUS PEQUE\u00d1OS PIES.  Estilo cl\u00e1sico de las pistas de tenis para los m\u00e1s peques. Esta zapatilla para ni\u00f1a viene llena de detalles coloridos que le dan un look alegre y divertido. La parte superior de piel sint\u00e9tica cuenta con correas de velcro para que sea muy f\u00e1cil de poner y quitar.  Parte superior de material sint\u00e9tico.  Doble correa de velcro para que sea m\u00e1s f\u00e1cil de poner y quitar.  Suela c\u00f3ncava de caucho.  Color del art\u00edculo: White \/ Solar Pink \/ Lilac Glow  N\u00famero de art\u00edculo: FW8904                                                                                                                                                                                                                                                                                                                                                                                                                                                                                                                                                                                                                                                                                                                                                                                                                                                                                                                                                                                                                                        <\/p>\n","protected":false},"excerpt":{"rendered":"<p>REEBOK ROYAL COMPLETE CLN 2<\/p>\n","protected":false},"featured_media":49889,"template":"","meta":[],"product_brand":[],"product_cat":[237],"product_tag":[41],"class_list":{"0":"post-35146","1":"product","2":"type-product","3":"status-publish","4":"has-post-thumbnail","6":"product_cat-outlet_calzado","7":"product_tag-reebok","8":"pa_color-unico","9":"pa_talla-23-5","10":"thunk-woo-product-list","11":"opn-qv-enable","12":"open-woo-hover-","13":"open-single-product-tab-horizontal","14":"open-shadow-","15":"open-shadow-hover-","17":"first","18":"instock","19":"shipping-taxable","20":"purchasable","21":"product-type-variable"},"jetpack_sharing_enabled":true,"_links":{"self":[{"href":"https:\/\/www.deporteseli.com\/index.php?rest_route=\/wp\/v2\/product\/35146","targetHints":{"allow":["GET"]}}],"collection":[{"href":"https:\/\/www.deporteseli.com\/index.php?rest_route=\/wp\/v2\/product"}],"about":[{"href":"https:\/\/www.deporteseli.com\/index.php?rest_route=\/wp\/v2\/types\/product"}],"wp:featuredmedia":[{"embeddable":true,"href":"https:\/\/www.deporteseli.com\/index.php?rest_route=\/wp\/v2\/media\/49889"}],"wp:attachment":[{"href":"https:\/\/www.deporteseli.com\/index.php?rest_route=%2Fwp%2Fv2%2Fmedia&parent=35146"}],"wp:term":[{"taxonomy":"product_brand","embeddable":true,"href":"https:\/\/www.deporteseli.com\/index.php?rest_route=%2Fwp%2Fv2%2Fproduct_brand&post=35146"},{"taxonomy":"product_cat","embeddable":true,"href":"https:\/\/www.deporteseli.com\/index.php?rest_route=%2Fwp%2Fv2%2Fproduct_cat&post=35146"},{"taxonomy":"product_tag","embeddable":true,"href":"https:\/\/www.deporteseli.com\/index.php?rest_route=%2Fwp%2Fv2%2Fproduct_tag&post=35146"}],"curies":[{"name":"wp","href":"https:\/\/api.w.org\/{rel}","templated":true}]}}