{"id":35093,"date":"2026-01-27T16:41:44","date_gmt":"2026-01-27T16:41:44","guid":{"rendered":"https:\/\/www.deporteseli.com\/?product=calcetines-reebok"},"modified":"2026-04-18T04:17:35","modified_gmt":"2026-04-18T04:17:35","slug":"calcetines-reebok","status":"publish","type":"product","link":"https:\/\/www.deporteseli.com\/?product=calcetines-reebok","title":{"rendered":"CALCETINES REEBOK"},"content":{"rendered":"<p>Cuida tus pies durante tus series de lunges y escaleras. Estos calcetines deportivos est\u00e1n hechos de algod\u00f3n para una sensaci\u00f3n agradable. Los pu\u00f1os en canal\u00e9 evitan que se arruguen mientras lo das todo en tus ejercicios pliom\u00e9tricos. Estos calcetines deportivos vienen en un pack de tres pares.  DETALLES  65 % algod\u00f3n. 35 poliester.  Ideales para: entrenar.  Corte deportivo.  Cada pack incluye tres pares.  Pu\u00f1os de canal\u00e9 para evitar que los calcetines se bajen.  Color del art\u00edculo: Black  N\u00famero de art\u00edculo: GH0331                                                                                                                                                                                                                                                                                                                                                                                                                                                                                                                                                                                                                                                                                                                                                                                                                                                                                                                                                                                                                                        <\/p>\n","protected":false},"excerpt":{"rendered":"<p>CALCETINES REEBOK<\/p>\n","protected":false},"featured_media":49829,"template":"","meta":[],"product_brand":[],"product_cat":[400],"product_tag":[41],"class_list":{"0":"post-35093","1":"product","2":"type-product","3":"status-publish","4":"has-post-thumbnail","6":"product_cat-accesorios_calcetines","7":"product_tag-reebok","8":"pa_color-unico","9":"pa_talla-31-34","10":"pa_talla-35-38","11":"pa_talla-39-42","12":"pa_talla-43-46","13":"thunk-woo-product-list","14":"opn-qv-enable","15":"open-woo-hover-","16":"open-single-product-tab-horizontal","17":"open-shadow-","18":"open-shadow-hover-","20":"first","21":"instock","22":"shipping-taxable","23":"purchasable","24":"product-type-variable"},"jetpack_sharing_enabled":true,"_links":{"self":[{"href":"https:\/\/www.deporteseli.com\/index.php?rest_route=\/wp\/v2\/product\/35093","targetHints":{"allow":["GET"]}}],"collection":[{"href":"https:\/\/www.deporteseli.com\/index.php?rest_route=\/wp\/v2\/product"}],"about":[{"href":"https:\/\/www.deporteseli.com\/index.php?rest_route=\/wp\/v2\/types\/product"}],"wp:featuredmedia":[{"embeddable":true,"href":"https:\/\/www.deporteseli.com\/index.php?rest_route=\/wp\/v2\/media\/49829"}],"wp:attachment":[{"href":"https:\/\/www.deporteseli.com\/index.php?rest_route=%2Fwp%2Fv2%2Fmedia&parent=35093"}],"wp:term":[{"taxonomy":"product_brand","embeddable":true,"href":"https:\/\/www.deporteseli.com\/index.php?rest_route=%2Fwp%2Fv2%2Fproduct_brand&post=35093"},{"taxonomy":"product_cat","embeddable":true,"href":"https:\/\/www.deporteseli.com\/index.php?rest_route=%2Fwp%2Fv2%2Fproduct_cat&post=35093"},{"taxonomy":"product_tag","embeddable":true,"href":"https:\/\/www.deporteseli.com\/index.php?rest_route=%2Fwp%2Fv2%2Fproduct_tag&post=35093"}],"curies":[{"name":"wp","href":"https:\/\/api.w.org\/{rel}","templated":true}]}}