{"id":35062,"date":"2026-01-27T16:41:04","date_gmt":"2026-01-27T16:41:04","guid":{"rendered":"https:\/\/www.deporteseli.com\/?product=balines-gamo-magnum-country-calibre-4-5-mm"},"modified":"2026-04-21T04:17:21","modified_gmt":"2026-04-21T04:17:21","slug":"balines-gamo-magnum-country-calibre-4-5-mm","status":"publish","type":"product","link":"https:\/\/www.deporteseli.com\/?product=balines-gamo-magnum-country-calibre-4-5-mm","title":{"rendered":"BALINES GAMO MAGNUM COUNTRY CALIBRE 4.5 MM"},"content":{"rendered":"<p>Lata de 250 balines GAMO Magnum Country del calibre 4.5mm (.177). Unos balines id\u00f3neos para la pr\u00e1ctica del tiro deportivo gracias a su gran precisi\u00f3n. Material: plomo. Peso de cada bal\u00edn: 0,49 g.                                                                                                                                                                                                                                                                                                                                                                                                                                                                                                                                                                                                                                                                                                                                                                                                                                                                                                                                                                                                                                        <\/p>\n","protected":false},"excerpt":{"rendered":"<p>BALINES GAMO MAGNUM COUNTRY CALIBRE 4.5 MM<\/p>\n","protected":false},"featured_media":49793,"template":"","meta":[],"product_brand":[],"product_cat":[412],"product_tag":[],"class_list":{"0":"post-35062","1":"product","2":"type-product","3":"status-publish","4":"has-post-thumbnail","6":"product_cat-accesorios_balines","7":"pa_color-unico","8":"pa_talla-unica","9":"thunk-woo-product-list","10":"opn-qv-enable","11":"open-woo-hover-","12":"open-single-product-tab-horizontal","13":"open-shadow-","14":"open-shadow-hover-","16":"first","17":"instock","18":"shipping-taxable","19":"purchasable","20":"product-type-variable"},"jetpack_sharing_enabled":true,"_links":{"self":[{"href":"https:\/\/www.deporteseli.com\/index.php?rest_route=\/wp\/v2\/product\/35062","targetHints":{"allow":["GET"]}}],"collection":[{"href":"https:\/\/www.deporteseli.com\/index.php?rest_route=\/wp\/v2\/product"}],"about":[{"href":"https:\/\/www.deporteseli.com\/index.php?rest_route=\/wp\/v2\/types\/product"}],"wp:featuredmedia":[{"embeddable":true,"href":"https:\/\/www.deporteseli.com\/index.php?rest_route=\/wp\/v2\/media\/49793"}],"wp:attachment":[{"href":"https:\/\/www.deporteseli.com\/index.php?rest_route=%2Fwp%2Fv2%2Fmedia&parent=35062"}],"wp:term":[{"taxonomy":"product_brand","embeddable":true,"href":"https:\/\/www.deporteseli.com\/index.php?rest_route=%2Fwp%2Fv2%2Fproduct_brand&post=35062"},{"taxonomy":"product_cat","embeddable":true,"href":"https:\/\/www.deporteseli.com\/index.php?rest_route=%2Fwp%2Fv2%2Fproduct_cat&post=35062"},{"taxonomy":"product_tag","embeddable":true,"href":"https:\/\/www.deporteseli.com\/index.php?rest_route=%2Fwp%2Fv2%2Fproduct_tag&post=35062"}],"curies":[{"name":"wp","href":"https:\/\/api.w.org\/{rel}","templated":true}]}}