{"id":35048,"date":"2026-01-27T16:40:46","date_gmt":"2026-01-27T16:40:46","guid":{"rendered":"https:\/\/www.deporteseli.com\/?product=presurizador-pelotas-pascal-box"},"modified":"2026-03-21T05:17:47","modified_gmt":"2026-03-21T05:17:47","slug":"presurizador-pelotas-pascal-box","status":"publish","type":"product","link":"https:\/\/www.deporteseli.com\/?product=presurizador-pelotas-pascal-box","title":{"rendered":"PRESURIZADOR PELOTAS PASCAL BOX"},"content":{"rendered":"<p>Pascal Box es un bote cargador de presi\u00f3n patentado que permite recuperar la presi\u00f3n reglamentaria de pelotas de p\u00e1del, tenis y frontenis, para que disfrutes al m\u00e1ximo de cada partido. Tan solo tendr\u00e1s que meter las bolas en tu bote presurizador Pascal Box, cerrar la tapa, introducir aire con la bomba hasta el nivel que desees para cada deporte y esperar a que Pascal Box termine su trabajo para ti.                                                                                                                                                                                                                                                                                                                                                                                                                                                                                                                                                                                                                                                                                                                                                                                                                                                                                                                                                                                                                                        <\/p>\n","protected":false},"excerpt":{"rendered":"<p>PRESURIZADOR PELOTAS PASCAL BOX<\/p>\n","protected":false},"featured_media":49783,"template":"","meta":[],"product_brand":[],"product_cat":[362],"product_tag":[21],"class_list":{"0":"post-35048","1":"product","2":"type-product","3":"status-publish","4":"has-post-thumbnail","6":"product_cat-padel_y_tenis_cargador_presion","7":"product_tag-bull_padel","8":"pa_color-unico","9":"pa_talla-unica","10":"thunk-woo-product-list","11":"opn-qv-enable","12":"open-woo-hover-","13":"open-single-product-tab-horizontal","14":"open-shadow-","15":"open-shadow-hover-","17":"first","18":"instock","19":"sale","20":"shipping-taxable","21":"purchasable","22":"product-type-variable"},"jetpack_sharing_enabled":true,"_links":{"self":[{"href":"https:\/\/www.deporteseli.com\/index.php?rest_route=\/wp\/v2\/product\/35048","targetHints":{"allow":["GET"]}}],"collection":[{"href":"https:\/\/www.deporteseli.com\/index.php?rest_route=\/wp\/v2\/product"}],"about":[{"href":"https:\/\/www.deporteseli.com\/index.php?rest_route=\/wp\/v2\/types\/product"}],"wp:featuredmedia":[{"embeddable":true,"href":"https:\/\/www.deporteseli.com\/index.php?rest_route=\/wp\/v2\/media\/49783"}],"wp:attachment":[{"href":"https:\/\/www.deporteseli.com\/index.php?rest_route=%2Fwp%2Fv2%2Fmedia&parent=35048"}],"wp:term":[{"taxonomy":"product_brand","embeddable":true,"href":"https:\/\/www.deporteseli.com\/index.php?rest_route=%2Fwp%2Fv2%2Fproduct_brand&post=35048"},{"taxonomy":"product_cat","embeddable":true,"href":"https:\/\/www.deporteseli.com\/index.php?rest_route=%2Fwp%2Fv2%2Fproduct_cat&post=35048"},{"taxonomy":"product_tag","embeddable":true,"href":"https:\/\/www.deporteseli.com\/index.php?rest_route=%2Fwp%2Fv2%2Fproduct_tag&post=35048"}],"curies":[{"name":"wp","href":"https:\/\/api.w.org\/{rel}","templated":true}]}}