{"id":35019,"date":"2026-01-27T16:40:05","date_gmt":"2026-01-27T16:40:05","guid":{"rendered":"https:\/\/www.deporteseli.com\/?product=munequera-adidas"},"modified":"2026-01-27T16:40:08","modified_gmt":"2026-01-27T16:40:08","slug":"munequera-adidas","status":"publish","type":"product","link":"https:\/\/www.deporteseli.com\/?product=munequera-adidas","title":{"rendered":"MU\u00f1EQUERA ADIDAS"},"content":{"rendered":"<p>Las Mu\u00f1equeras de tenis Adidas Small est\u00e1n confeccionadas con un tejido absorbente suave y muy transpirable con un logotipo de Adidas bordado.                                                                                                                                                                                                                                                                                                                                                                                                                                                                                                                                                                                                                                                                                                                                                                                                                                                                                                                                                                                                                                        <\/p>\n","protected":false},"excerpt":{"rendered":"<p>MU\u00f1EQUERA ADIDAS<\/p>\n","protected":false},"featured_media":49766,"template":"","meta":[],"product_brand":[],"product_cat":[415],"product_tag":[18],"class_list":{"0":"post-35019","1":"product","2":"type-product","3":"status-publish","4":"has-post-thumbnail","6":"product_cat-accesorios_protecciones_munequeras","7":"product_tag-adidas","8":"pa_color-negro","9":"pa_color-unico","10":"pa_talla-unica","11":"thunk-woo-product-list","12":"opn-qv-enable","13":"open-woo-hover-","14":"open-single-product-tab-horizontal","15":"open-shadow-","16":"open-shadow-hover-","18":"first","19":"instock","20":"shipping-taxable","21":"purchasable","22":"product-type-variable"},"jetpack_sharing_enabled":true,"_links":{"self":[{"href":"https:\/\/www.deporteseli.com\/index.php?rest_route=\/wp\/v2\/product\/35019","targetHints":{"allow":["GET"]}}],"collection":[{"href":"https:\/\/www.deporteseli.com\/index.php?rest_route=\/wp\/v2\/product"}],"about":[{"href":"https:\/\/www.deporteseli.com\/index.php?rest_route=\/wp\/v2\/types\/product"}],"wp:featuredmedia":[{"embeddable":true,"href":"https:\/\/www.deporteseli.com\/index.php?rest_route=\/wp\/v2\/media\/49766"}],"wp:attachment":[{"href":"https:\/\/www.deporteseli.com\/index.php?rest_route=%2Fwp%2Fv2%2Fmedia&parent=35019"}],"wp:term":[{"taxonomy":"product_brand","embeddable":true,"href":"https:\/\/www.deporteseli.com\/index.php?rest_route=%2Fwp%2Fv2%2Fproduct_brand&post=35019"},{"taxonomy":"product_cat","embeddable":true,"href":"https:\/\/www.deporteseli.com\/index.php?rest_route=%2Fwp%2Fv2%2Fproduct_cat&post=35019"},{"taxonomy":"product_tag","embeddable":true,"href":"https:\/\/www.deporteseli.com\/index.php?rest_route=%2Fwp%2Fv2%2Fproduct_tag&post=35019"}],"curies":[{"name":"wp","href":"https:\/\/api.w.org\/{rel}","templated":true}]}}