{"id":34997,"date":"2026-01-27T16:39:32","date_gmt":"2026-01-27T16:39:32","guid":{"rendered":"https:\/\/www.deporteseli.com\/?product=calcetines-deportivos-acolchados-3-pares-2"},"modified":"2026-01-27T16:39:36","modified_gmt":"2026-01-27T16:39:36","slug":"calcetines-deportivos-acolchados-3-pares-2","status":"publish","type":"product","link":"https:\/\/www.deporteseli.com\/?product=calcetines-deportivos-acolchados-3-pares-2","title":{"rendered":"CALCETINES DEPORTIVOS ACOLCHADOS 3 PARES"},"content":{"rendered":"<p>CALCETINES DEPORTIVOS CL\u00c1SICOS, MEJORADOS A\u00daN M\u00c1S CON AMORTIGUACI\u00d3N DESDE EL TAL\u00d3N HASTA LA PUNTA.  Hecho para la comodidad durante todo el d\u00eda, este tr\u00edo de calcetines deportivos ofrece amortiguaci\u00f3n del tal\u00f3n a la punta y una estructura rica en algod\u00f3n. Una costura suave en la puntera y un soporte de arco tejido mejoran el ajuste y la sensaci\u00f3n. La marca adidas limpia completa el look atl\u00e9tico cl\u00e1sico.                                                                                                                                                                                                                                                                                                                                                                                                                                                                                                                                                                                                                                                                                                                                                                                                                                                                                                                                                                                                                                        <\/p>\n","protected":false},"excerpt":{"rendered":"<p>CALCETINES DEPORTIVOS ACOLCHADOS 3 PARES<\/p>\n","protected":false},"featured_media":49760,"template":"","meta":[],"product_brand":[],"product_cat":[400],"product_tag":[18],"class_list":{"0":"post-34997","1":"product","2":"type-product","3":"status-publish","4":"has-post-thumbnail","6":"product_cat-accesorios_calcetines","7":"product_tag-adidas","8":"pa_color-unico","9":"pa_talla-35-38","10":"pa_talla-39-42","11":"pa_talla-43-46","12":"pa_talla-xl","13":"thunk-woo-product-list","14":"opn-qv-enable","15":"open-woo-hover-","16":"open-single-product-tab-horizontal","17":"open-shadow-","18":"open-shadow-hover-","20":"first","21":"instock","22":"shipping-taxable","23":"purchasable","24":"product-type-variable"},"jetpack_sharing_enabled":true,"_links":{"self":[{"href":"https:\/\/www.deporteseli.com\/index.php?rest_route=\/wp\/v2\/product\/34997","targetHints":{"allow":["GET"]}}],"collection":[{"href":"https:\/\/www.deporteseli.com\/index.php?rest_route=\/wp\/v2\/product"}],"about":[{"href":"https:\/\/www.deporteseli.com\/index.php?rest_route=\/wp\/v2\/types\/product"}],"wp:featuredmedia":[{"embeddable":true,"href":"https:\/\/www.deporteseli.com\/index.php?rest_route=\/wp\/v2\/media\/49760"}],"wp:attachment":[{"href":"https:\/\/www.deporteseli.com\/index.php?rest_route=%2Fwp%2Fv2%2Fmedia&parent=34997"}],"wp:term":[{"taxonomy":"product_brand","embeddable":true,"href":"https:\/\/www.deporteseli.com\/index.php?rest_route=%2Fwp%2Fv2%2Fproduct_brand&post=34997"},{"taxonomy":"product_cat","embeddable":true,"href":"https:\/\/www.deporteseli.com\/index.php?rest_route=%2Fwp%2Fv2%2Fproduct_cat&post=34997"},{"taxonomy":"product_tag","embeddable":true,"href":"https:\/\/www.deporteseli.com\/index.php?rest_route=%2Fwp%2Fv2%2Fproduct_tag&post=34997"}],"curies":[{"name":"wp","href":"https:\/\/api.w.org\/{rel}","templated":true}]}}